{"id":5438,"date":"2019-05-21T17:28:37","date_gmt":"2019-05-21T23:28:37","guid":{"rendered":"https:\/\/annaruiz.com.mx\/arw\/?post_type=product&#038;p=5438"},"modified":"2022-02-01T18:03:41","modified_gmt":"2022-02-02T00:03:41","slug":"highlighter-gold-abrillantador-metalico-dorado-5gr-o-57gr","status":"publish","type":"product","link":"https:\/\/annaruiz.com.mx\/arw\/product\/highlighter-gold-abrillantador-metalico-dorado-5gr-o-57gr\/","title":{"rendered":"Highlighter Gold (Abrillantador met\u00e1lico dorado) 5gr o 57gr"},"content":{"rendered":"<p>Highlighter Gold (Abrillantador met\u00e1lico dorado) 5gr o 57gr, perfecto para detalles de decoraci\u00f3n, el mejor en el mercado.<\/p>\n","protected":false},"excerpt":{"rendered":"<p>Highlighter Gold (Abrillantador met\u00e1lico dorado) 5gr o 57gr, perfecto para detalles de decoraci\u00f3n, el mejor en el mercado. Producto importado marcado como NO T\u00d3XICO, para Decoraciones, (non edible) no se use para su uso comestible en grandes cantidades.<\/p>\n","protected":false},"featured_media":5467,"comment_status":"open","ping_status":"closed","template":"","meta":[],"product_brand":[],"product_cat":[34,36],"product_tag":[],"class_list":{"0":"post-5438","1":"product","2":"type-product","3":"status-publish","4":"has-post-thumbnail","6":"product_cat-decoracion","7":"product_cat-diamantinas-y-matizadores","9":"first","10":"instock","11":"shipping-taxable","12":"purchasable","13":"product-type-variable"},"_links":{"self":[{"href":"https:\/\/annaruiz.com.mx\/arw\/wp-json\/wp\/v2\/product\/5438","targetHints":{"allow":["GET"]}}],"collection":[{"href":"https:\/\/annaruiz.com.mx\/arw\/wp-json\/wp\/v2\/product"}],"about":[{"href":"https:\/\/annaruiz.com.mx\/arw\/wp-json\/wp\/v2\/types\/product"}],"replies":[{"embeddable":true,"href":"https:\/\/annaruiz.com.mx\/arw\/wp-json\/wp\/v2\/comments?post=5438"}],"wp:featuredmedia":[{"embeddable":true,"href":"https:\/\/annaruiz.com.mx\/arw\/wp-json\/wp\/v2\/media\/5467"}],"wp:attachment":[{"href":"https:\/\/annaruiz.com.mx\/arw\/wp-json\/wp\/v2\/media?parent=5438"}],"wp:term":[{"taxonomy":"product_brand","embeddable":true,"href":"https:\/\/annaruiz.com.mx\/arw\/wp-json\/wp\/v2\/product_brand?post=5438"},{"taxonomy":"product_cat","embeddable":true,"href":"https:\/\/annaruiz.com.mx\/arw\/wp-json\/wp\/v2\/product_cat?post=5438"},{"taxonomy":"product_tag","embeddable":true,"href":"https:\/\/annaruiz.com.mx\/arw\/wp-json\/wp\/v2\/product_tag?post=5438"}],"curies":[{"name":"wp","href":"https:\/\/api.w.org\/{rel}","templated":true}]}}