{"id":6220,"date":"2019-07-01T12:54:13","date_gmt":"2019-07-01T18:54:13","guid":{"rendered":"https:\/\/annaruiz.com.mx\/arw\/?post_type=product&#038;p=6220"},"modified":"2024-10-31T15:31:34","modified_gmt":"2024-10-31T21:31:34","slug":"chocolate-con-leche-33-de-2-50kg-y-500gr","status":"publish","type":"product","link":"https:\/\/annaruiz.com.mx\/arw\/product\/chocolate-con-leche-33-de-2-50kg-y-500gr\/","title":{"rendered":"Chocolate con Leche 33% de 2.50kg y 500gr"},"content":{"rendered":"<h2>DULCE\/ BRIOCHE TOSTADO \/ CACAO<\/h2>\n<p>Esta mezcla combina al Cacao Fino de Ecuador \u201cNacional\u201d y leche de los Andes. Su sabor se completa con az\u00facar de ca\u00f1a de las llanuras costeras de Colombia. Nuestro Chocolate con Leche 33% tiene notas de cappuccino y brioche tostado que combinan perfectamente con su sabor a cacao duradero.<\/p>\n<h2>INGREDIENTES<\/h2>\n<p>Az\u00facar, manteca de cacao, leche entera en polvo, licor de cacao, emulsificante (lecitina de soya), extracto natural de vainilla. Posible presencia de frutos con c\u00e1scara (almendras, avellanas, pistacho, nueces de pecan), cacahuate, gluten, semilla de s\u00e9samo, prote\u00ednas de leche y huevo.<\/p>\n","protected":false},"excerpt":{"rendered":"<p>Esta mezcla combina al Cacao Fino de Ecuador \u201cNacional\u201d y leche de los Andes. Su sabor se completa con az\u00facar de ca\u00f1a de las llanuras costeras de Colombia. Nuestro Chocolate con Leche 33% tiene notas de cappuccino y brioche tostado que combinan perfectamente con su sabor a cacao duradero.<\/p>\n","protected":false},"featured_media":6223,"comment_status":"open","ping_status":"closed","template":"","meta":[],"product_brand":[],"product_cat":[43],"product_tag":[44,106,105],"class_list":{"0":"post-6220","1":"product","2":"type-product","3":"status-publish","4":"has-post-thumbnail","6":"product_cat-chocolate","7":"product_tag-chocolate","8":"product_tag-gourmet","9":"product_tag-republica-del-cacao","11":"first","12":"onbackorder","13":"shipping-taxable","14":"purchasable","15":"product-type-variable"},"_links":{"self":[{"href":"https:\/\/annaruiz.com.mx\/arw\/wp-json\/wp\/v2\/product\/6220","targetHints":{"allow":["GET"]}}],"collection":[{"href":"https:\/\/annaruiz.com.mx\/arw\/wp-json\/wp\/v2\/product"}],"about":[{"href":"https:\/\/annaruiz.com.mx\/arw\/wp-json\/wp\/v2\/types\/product"}],"replies":[{"embeddable":true,"href":"https:\/\/annaruiz.com.mx\/arw\/wp-json\/wp\/v2\/comments?post=6220"}],"wp:featuredmedia":[{"embeddable":true,"href":"https:\/\/annaruiz.com.mx\/arw\/wp-json\/wp\/v2\/media\/6223"}],"wp:attachment":[{"href":"https:\/\/annaruiz.com.mx\/arw\/wp-json\/wp\/v2\/media?parent=6220"}],"wp:term":[{"taxonomy":"product_brand","embeddable":true,"href":"https:\/\/annaruiz.com.mx\/arw\/wp-json\/wp\/v2\/product_brand?post=6220"},{"taxonomy":"product_cat","embeddable":true,"href":"https:\/\/annaruiz.com.mx\/arw\/wp-json\/wp\/v2\/product_cat?post=6220"},{"taxonomy":"product_tag","embeddable":true,"href":"https:\/\/annaruiz.com.mx\/arw\/wp-json\/wp\/v2\/product_tag?post=6220"}],"curies":[{"name":"wp","href":"https:\/\/api.w.org\/{rel}","templated":true}]}}