{"id":6391,"date":"2019-07-03T17:03:50","date_gmt":"2019-07-03T23:03:50","guid":{"rendered":"https:\/\/annaruiz.com.mx\/arw\/?post_type=product&#038;p=6391"},"modified":"2023-01-02T17:12:09","modified_gmt":"2023-01-02T23:12:09","slug":"papel-estrella-para-hornear-5-piezas","status":"publish","type":"product","link":"https:\/\/annaruiz.com.mx\/arw\/product\/papel-estrella-para-hornear-5-piezas\/","title":{"rendered":"Papel Estrella para hornear (5 piezas)"},"content":{"rendered":"<p>Papel estrella para hornear de 63 x 42 cms<\/p>\n<p>Evita el uso de manteca, mantequilla y\/o harina como medio desmoldante.<br \/>\nPreviene la formaci\u00f3n de cochambre.<br \/>\nAlarga la vida \u00fatil de sus charolas\/recipientes.<br \/>\nNo altera el sabor del producto.<br \/>\nReutilizable (el numero de veces depende de la humedad de tu preparaci\u00f3n)<br \/>\nNo mezcla sabores<\/p>\n<p>Indicaciones de Uso:<\/p>\n<p>Identifique el lado con tratamiento antiadherente (Lado contrario a las estrellas).<br \/>\nColoque el papel silibake sobre la charola \u00f3 recipiente a utilizar (Aseg\u00farese que el lado con estrellas est\u00e9n en contacto con la charola).<br \/>\nColoque su masa o producto sobre la hoja silibake y LISTO para utilizar<\/p>\n","protected":false},"excerpt":{"rendered":"<p>Papel estrella para hornear de 63 x 42 cms<\/p>\n","protected":false},"featured_media":6392,"comment_status":"open","ping_status":"closed","template":"","meta":[],"product_brand":[],"product_cat":[34,63],"product_tag":[67,86,85],"class_list":{"0":"post-6391","1":"product","2":"type-product","3":"status-publish","4":"has-post-thumbnail","6":"product_cat-decoracion","7":"product_cat-materia-prima","8":"product_tag-decoracion","9":"product_tag-hornear","10":"product_tag-papel-estrella","12":"first","13":"instock","14":"shipping-taxable","15":"purchasable","16":"product-type-simple"},"_links":{"self":[{"href":"https:\/\/annaruiz.com.mx\/arw\/wp-json\/wp\/v2\/product\/6391","targetHints":{"allow":["GET"]}}],"collection":[{"href":"https:\/\/annaruiz.com.mx\/arw\/wp-json\/wp\/v2\/product"}],"about":[{"href":"https:\/\/annaruiz.com.mx\/arw\/wp-json\/wp\/v2\/types\/product"}],"replies":[{"embeddable":true,"href":"https:\/\/annaruiz.com.mx\/arw\/wp-json\/wp\/v2\/comments?post=6391"}],"wp:featuredmedia":[{"embeddable":true,"href":"https:\/\/annaruiz.com.mx\/arw\/wp-json\/wp\/v2\/media\/6392"}],"wp:attachment":[{"href":"https:\/\/annaruiz.com.mx\/arw\/wp-json\/wp\/v2\/media?parent=6391"}],"wp:term":[{"taxonomy":"product_brand","embeddable":true,"href":"https:\/\/annaruiz.com.mx\/arw\/wp-json\/wp\/v2\/product_brand?post=6391"},{"taxonomy":"product_cat","embeddable":true,"href":"https:\/\/annaruiz.com.mx\/arw\/wp-json\/wp\/v2\/product_cat?post=6391"},{"taxonomy":"product_tag","embeddable":true,"href":"https:\/\/annaruiz.com.mx\/arw\/wp-json\/wp\/v2\/product_tag?post=6391"}],"curies":[{"name":"wp","href":"https:\/\/api.w.org\/{rel}","templated":true}]}}