{"id":19647,"date":"2021-11-03T19:55:34","date_gmt":"2021-11-04T01:55:34","guid":{"rendered":"https:\/\/annaruiz.com.mx\/arw\/event\/panaderia-europea-con-chef-marcos-valadez\/"},"modified":"2021-11-07T07:03:08","modified_gmt":"2021-11-07T13:03:08","slug":"panaderia-europea-con-chef-marcos-valadez","status":"publish","type":"tribe_events","link":"https:\/\/annaruiz.com.mx\/arw\/event\/panaderia-europea-con-chef-marcos-valadez\/","title":{"rendered":"Panader\u00eda Europea con Chef Marcos Valadez"},"content":{"rendered":"<div>Aprende en clase presencial con el Chef Marcos Valadez, este  domingo 7 de Noviembre Panader\u00eda Europea<\/div>\n<div style=\"margin-top: 20px\">\n<div style=\"margin: 20px 10px;font-size: 15px;line-height: 22px;font-weight: 400;text-align: left\">\n<h3>Aprende en clase presencial con el Chef Marcos Valadez, este 7 de Noviembre de 12:00  a 16:00 hrs, a hacer &#8220;Pan tipo Europeo&#8221;<\/h3>\n<h3><strong>Aprender\u00e1s a hacer:<\/strong><\/h3>\n<h2>*Pan de Ajo<\/h2>\n<h2>*Pan de Centeno<\/h2>\n<h2>*Pan de Cebolla<\/h2>\n<h3><strong>ESTA CLASE SER\u00c1 PRESENCIAL.<\/strong><\/h3>\n<p>Objetivo del curso: El alumno obtendr\u00e1 conocimientos b\u00e1sicos y avanzados de la preparaci\u00f3n de Panader\u00eda <\/p>\n<p>Para m\u00e1s informaci\u00f3n comun\u00edcate con nosotros al +52 55 41813241 en CDMX<\/p>\n<h3><strong>Para resolver cualquier duda nos puede contactar al 55 4181 3241 en CDMX o +52 55 4181 3241 desde el extranjero<\/strong><\/h3>\n<\/div>\n<\/div>\n","protected":false},"excerpt":{"rendered":"<p>Aprende en clase presencial con el Chef Marcos Valadez, este domingo 7 de Noviembre Panader\u00eda Europea Aprende en clase presencial con el Chef Marcos Valadez, este 7 de Noviembre de 12:00 a 16:00 hrs, a hacer &#8220;Pan tipo Europeo&#8221; Aprender\u00e1s a hacer: *Pan de Ajo *Pan de Centeno *Pan de Cebolla ESTA CLASE SER\u00c1 PRESENCIAL. Objetivo del curso: El alumno obtendr\u00e1 conocimientos b\u00e1sicos y avanzados de la preparaci\u00f3n de Panader\u00eda Para m\u00e1s informaci\u00f3n comun\u00edcate con nosotros al +52 55 41813241 en CDMX Para resolver cualquier duda nos puede contactar al 55 4181 3241 en CDMX o +52 55 4181 3241 desde <a href=\"https:\/\/annaruiz.com.mx\/arw\/event\/panaderia-europea-con-chef-marcos-valadez\/\"> [&#8230;]<\/a><\/p>\n","protected":false},"author":1,"featured_media":19648,"template":"","meta":{"_tribe_events_status":"","_tribe_events_status_reason":"","footnotes":""},"tags":[],"tribe_events_cat":[],"class_list":["post-19647","tribe_events","type-tribe_events","status-publish","has-post-thumbnail","hentry"],"_links":{"self":[{"href":"https:\/\/annaruiz.com.mx\/arw\/wp-json\/wp\/v2\/tribe_events\/19647","targetHints":{"allow":["GET"]}}],"collection":[{"href":"https:\/\/annaruiz.com.mx\/arw\/wp-json\/wp\/v2\/tribe_events"}],"about":[{"href":"https:\/\/annaruiz.com.mx\/arw\/wp-json\/wp\/v2\/types\/tribe_events"}],"author":[{"embeddable":true,"href":"https:\/\/annaruiz.com.mx\/arw\/wp-json\/wp\/v2\/users\/1"}],"version-history":[{"count":1,"href":"https:\/\/annaruiz.com.mx\/arw\/wp-json\/wp\/v2\/tribe_events\/19647\/revisions"}],"predecessor-version":[{"id":19666,"href":"https:\/\/annaruiz.com.mx\/arw\/wp-json\/wp\/v2\/tribe_events\/19647\/revisions\/19666"}],"wp:featuredmedia":[{"embeddable":true,"href":"https:\/\/annaruiz.com.mx\/arw\/wp-json\/wp\/v2\/media\/19648"}],"wp:attachment":[{"href":"https:\/\/annaruiz.com.mx\/arw\/wp-json\/wp\/v2\/media?parent=19647"}],"wp:term":[{"taxonomy":"post_tag","embeddable":true,"href":"https:\/\/annaruiz.com.mx\/arw\/wp-json\/wp\/v2\/tags?post=19647"},{"taxonomy":"tribe_events_cat","embeddable":true,"href":"https:\/\/annaruiz.com.mx\/arw\/wp-json\/wp\/v2\/tribe_events_cat?post=19647"}],"curies":[{"name":"wp","href":"https:\/\/api.w.org\/{rel}","templated":true}]}}

Panadería Europea con Chef Marcos Valadez

<div>Aprende en clase presencial con el Chef Marcos Valadez, este  domingo 7 de Noviembre Panadería Europea</div>
<div style="margin-top: 20px">
<div style="margin: 20px 10px;font-size: 15px;line-height: 22px;font-weight: 400;text-align: left">
<h3>Aprende en clase presencial con el Chef Marcos Valadez, este 7 de Noviembre de 12:00  a 16:00 hrs, a hacer &#8220;Pan tipo Europeo&#8221;</h3>
<h3><strong>Aprenderás a hacer:</strong></h3>
<h2>*Pan de Ajo</h2>
<h2>*Pan de Centeno</h2>
<h2>*Pan de Cebolla</h2>
<h3><strong>ESTA CLASE SERÁ PRESENCIAL.</strong></h3>
<p>Objetivo del curso: El alumno obtendrá conocimientos básicos y avanzados de la preparación de Panadería </p>
<p>Para más información comunícate con nosotros al +52 55 41813241 en CDMX</p>
<h3><strong>Para resolver cualquier duda nos puede contactar al 55 4181 3241 en CDMX o +52 55 4181 3241 desde el extranjero</strong></h3>
</div>
</div>

<p>Aprende en clase presencial con el Chef Marcos Valadez, este domingo 7 de Noviembre Panadería Europea Aprende en clase presencial con el Chef Marcos Valadez, este 7 de Noviembre de 12:00 a 16:00 hrs, a hacer &#8220;Pan tipo Europeo&#8221; Aprenderás a hacer: *Pan de Ajo *Pan de Centeno *Pan de Cebolla ESTA CLASE SERÁ PRESENCIAL. Objetivo del curso: El alumno obtendrá conocimientos básicos y avanzados de la preparación de Panadería Para más información comunícate con nosotros al +52 55 41813241 en CDMX Para resolver cualquier duda nos puede contactar al 55 4181 3241 en CDMX o +52 55 4181 3241 desde <a href="https://annaruiz.com.mx/arw/event/panaderia-europea-con-chef-marcos-valadez/"> [&#8230;]</a></p>
