{"id":21491,"date":"2022-02-26T08:47:53","date_gmt":"2022-02-26T14:47:53","guid":{"rendered":"https:\/\/annaruiz.com.mx\/arw\/event\/pastel-de-conejito-y-ferrero-con-la-chef-liza-ojeda-en-anna-ruiz-store\/"},"modified":"2022-03-24T07:32:29","modified_gmt":"2022-03-24T13:32:29","slug":"pastel-de-conejito-y-ferrero-con-la-chef-liza-ojeda-en-anna-ruiz-store","status":"publish","type":"tribe_events","link":"https:\/\/annaruiz.com.mx\/arw\/event\/pastel-de-conejito-y-ferrero-con-la-chef-liza-ojeda-en-anna-ruiz-store\/","title":{"rendered":"Pastel de conejito y Ferrero con la Chef Liza Ojeda en Anna Ru\u00edz Store"},"content":{"rendered":"<div>Ven y aprende con la Chef Liza Ojeda, 24 de Marzo de 10:00 a 14:00 horas, en el mejor lugar. Aprender\u00e1s a\u00a0elaborar Pasteles de Chocolate<\/div>\n<div style=\"margin-top: 20px\">\n<div style=\"margin: 20px 10px;font-size: 15px;line-height: 22px;font-weight: 400;text-align: left\">\n<h3><strong>Ven y aprende con la Chef Liza Ojeda, 24 de Marzo de 10:00 a 14:00 horas, en el mejor lugar. Aprender\u00e1s a\u00a0elaborar Pasteles de Chocolate de Conejito y Ferrero<\/strong><\/h3>\n<h3>Para m\u00e1s informaci\u00f3n comun\u00edcate con nosotros al <\/h3>\n<h3>+52 55 4181 3241 en CDMX<\/h3>\n<\/div>\n<div style=\"margin: 20px 0;line-height: 22px\"><img class=\"lazyload\" decoding=\"async\" src=\"data:image\/gif;base64,R0lGODlhAQABAAAAACH5BAEKAAEALAAAAAABAAEAAAICTAEAOw==\" data-orig-src=\"https:\/\/img.evbuc.com\/https%3A%2F%2Fcdn.evbuc.com%2Fimages%2F238098549%2F179204274955%2F1%2Foriginal.20220228-175606?h=2000&amp;w=720&amp;auto=format%2Ccompress&amp;q=75&amp;sharp=10&amp;s=a93363410ccd8484f05a42ee2f30565d\" alt=\"\" \/><\/div>\n<\/div>\n","protected":false},"excerpt":{"rendered":"<p>Ven y aprende con la Chef Liza Ojeda, 24 de Marzo de 10:00 a 14:00 horas, en el mejor lugar. Aprender\u00e1s a\u00a0elaborar Pasteles de Chocolate Ven y aprende con la Chef Liza Ojeda, 24 de Marzo de 10:00 a 14:00 horas, en el mejor lugar. Aprender\u00e1s a\u00a0elaborar Pasteles de Chocolate de Conejito y Ferrero Para m\u00e1s informaci\u00f3n comun\u00edcate con nosotros al +52 55 4181 3241 en CDMX<\/p>\n","protected":false},"author":1,"featured_media":21492,"template":"","meta":{"_tribe_events_status":"","_tribe_events_status_reason":"","footnotes":""},"tags":[],"tribe_events_cat":[],"class_list":["post-21491","tribe_events","type-tribe_events","status-publish","has-post-thumbnail","hentry"],"_links":{"self":[{"href":"https:\/\/annaruiz.com.mx\/arw\/wp-json\/wp\/v2\/tribe_events\/21491","targetHints":{"allow":["GET"]}}],"collection":[{"href":"https:\/\/annaruiz.com.mx\/arw\/wp-json\/wp\/v2\/tribe_events"}],"about":[{"href":"https:\/\/annaruiz.com.mx\/arw\/wp-json\/wp\/v2\/types\/tribe_events"}],"author":[{"embeddable":true,"href":"https:\/\/annaruiz.com.mx\/arw\/wp-json\/wp\/v2\/users\/1"}],"version-history":[{"count":2,"href":"https:\/\/annaruiz.com.mx\/arw\/wp-json\/wp\/v2\/tribe_events\/21491\/revisions"}],"predecessor-version":[{"id":21592,"href":"https:\/\/annaruiz.com.mx\/arw\/wp-json\/wp\/v2\/tribe_events\/21491\/revisions\/21592"}],"wp:featuredmedia":[{"embeddable":true,"href":"https:\/\/annaruiz.com.mx\/arw\/wp-json\/wp\/v2\/media\/21492"}],"wp:attachment":[{"href":"https:\/\/annaruiz.com.mx\/arw\/wp-json\/wp\/v2\/media?parent=21491"}],"wp:term":[{"taxonomy":"post_tag","embeddable":true,"href":"https:\/\/annaruiz.com.mx\/arw\/wp-json\/wp\/v2\/tags?post=21491"},{"taxonomy":"tribe_events_cat","embeddable":true,"href":"https:\/\/annaruiz.com.mx\/arw\/wp-json\/wp\/v2\/tribe_events_cat?post=21491"}],"curies":[{"name":"wp","href":"https:\/\/api.w.org\/{rel}","templated":true}]}}

Pastel de conejito y Ferrero con la Chef Liza Ojeda en Anna Ruíz Store

<div>Ven y aprende con la Chef Liza Ojeda, 24 de Marzo de 10:00 a 14:00 horas, en el mejor lugar. Aprenderás a elaborar Pasteles de Chocolate</div>
<div style="margin-top: 20px">
<div style="margin: 20px 10px;font-size: 15px;line-height: 22px;font-weight: 400;text-align: left">
<h3><strong>Ven y aprende con la Chef Liza Ojeda, 24 de Marzo de 10:00 a 14:00 horas, en el mejor lugar. Aprenderás a elaborar Pasteles de Chocolate de Conejito y Ferrero</strong></h3>
<h3>Para más información comunícate con nosotros al </h3>
<h3>+52 55 4181 3241 en CDMX</h3>
</div>
<div style="margin: 20px 0;line-height: 22px"><img class="lazyload" decoding="async" src="data:image/gif;base64,R0lGODlhAQABAAAAACH5BAEKAAEALAAAAAABAAEAAAICTAEAOw==" data-orig-src="https://img.evbuc.com/https%3A%2F%2Fcdn.evbuc.com%2Fimages%2F238098549%2F179204274955%2F1%2Foriginal.20220228-175606?h=2000&amp;w=720&amp;auto=format%2Ccompress&amp;q=75&amp;sharp=10&amp;s=a93363410ccd8484f05a42ee2f30565d" alt="" /></div>
</div>

<p>Ven y aprende con la Chef Liza Ojeda, 24 de Marzo de 10:00 a 14:00 horas, en el mejor lugar. Aprenderás a elaborar Pasteles de Chocolate Ven y aprende con la Chef Liza Ojeda, 24 de Marzo de 10:00 a 14:00 horas, en el mejor lugar. Aprenderás a elaborar Pasteles de Chocolate de Conejito y Ferrero Para más información comunícate con nosotros al +52 55 4181 3241 en CDMX</p>
