{"id":21910,"date":"2022-06-25T22:22:52","date_gmt":"2022-06-26T04:22:52","guid":{"rendered":"https:\/\/annaruiz.com.mx\/arw\/event\/tartas-con-la-chef-repostera-en-anna-ruiz-store\/"},"modified":"2022-07-20T07:44:17","modified_gmt":"2022-07-20T13:44:17","slug":"tartas-con-la-chef-repostera-en-anna-ruiz-store","status":"publish","type":"tribe_events","link":"https:\/\/annaruiz.com.mx\/arw\/event\/tartas-con-la-chef-repostera-en-anna-ruiz-store\/","title":{"rendered":"Tartas con la Chef Repostera en Anna Ru\u00edz Store"},"content":{"rendered":"<div>Ven y aprende este jueves 21 de julio de 10:00 a 14:00 horas, en el mejor lugar. Aprender\u00e1s a\u00a0elaborar Tartas de Pl\u00e1tano, Nuez y Lim\u00f3n.<\/div>\n<div style=\"margin-top: 20px\">\n<div style=\"margin: 20px 10px;font-size: 15px;line-height: 22px;font-weight: 400;text-align: left\">\n<h3><strong>Ven y aprende este jueves 21 de julio de 10:00 a 14:00 horas, en el mejor lugar. Aprender\u00e1s a\u00a0elaborar Tartas de:<\/strong><\/h3>\n<h3><strong>+ Pl\u00e1tano<\/strong><\/h3>\n<h3><strong>+ Nuez<\/strong><\/h3>\n<h3><strong>+ Lim\u00f3n<\/strong><\/h3>\n<h3>Para m\u00e1s informaci\u00f3n comun\u00edcate con nosotros al +52 55 4181 3241 en CDMX<\/h3>\n<\/div>\n<div style=\"margin: 20px 0;line-height: 22px\"><img class=\"lazyload\" decoding=\"async\" src=\"data:image\/gif;base64,R0lGODlhAQABAAAAACH5BAEKAAEALAAAAAABAAEAAAICTAEAOw==\" data-orig-src=\"https:\/\/img.evbuc.com\/https%3A%2F%2Fcdn.evbuc.com%2Fimages%2F308809579%2F179204274955%2F1%2Foriginal.20220626-034926?h=2000&amp;w=720&amp;auto=format%2Ccompress&amp;q=75&amp;sharp=10&amp;s=d950ffe58697d9332e1de40d3110e0a1\" alt=\"\" \/><\/div>\n<\/div>\n","protected":false},"excerpt":{"rendered":"<p>Ven y aprende este jueves 21 de julio de 10:00 a 14:00 horas, en el mejor lugar. Aprender\u00e1s a\u00a0elaborar Tartas de Pl\u00e1tano, Nuez y Lim\u00f3n. Ven y aprende este jueves 21 de julio de 10:00 a 14:00 horas, en el mejor lugar. Aprender\u00e1s a\u00a0elaborar Tartas de: + Pl\u00e1tano + Nuez + Lim\u00f3n Para m\u00e1s informaci\u00f3n comun\u00edcate con nosotros al +52 55 4181 3241 en CDMX<\/p>\n","protected":false},"author":1,"featured_media":21911,"template":"","meta":{"_tribe_events_status":"","_tribe_events_status_reason":"","footnotes":""},"tags":[],"tribe_events_cat":[],"class_list":["post-21910","tribe_events","type-tribe_events","status-publish","has-post-thumbnail","hentry"],"_links":{"self":[{"href":"https:\/\/annaruiz.com.mx\/arw\/wp-json\/wp\/v2\/tribe_events\/21910","targetHints":{"allow":["GET"]}}],"collection":[{"href":"https:\/\/annaruiz.com.mx\/arw\/wp-json\/wp\/v2\/tribe_events"}],"about":[{"href":"https:\/\/annaruiz.com.mx\/arw\/wp-json\/wp\/v2\/types\/tribe_events"}],"author":[{"embeddable":true,"href":"https:\/\/annaruiz.com.mx\/arw\/wp-json\/wp\/v2\/users\/1"}],"version-history":[{"count":1,"href":"https:\/\/annaruiz.com.mx\/arw\/wp-json\/wp\/v2\/tribe_events\/21910\/revisions"}],"predecessor-version":[{"id":21927,"href":"https:\/\/annaruiz.com.mx\/arw\/wp-json\/wp\/v2\/tribe_events\/21910\/revisions\/21927"}],"wp:featuredmedia":[{"embeddable":true,"href":"https:\/\/annaruiz.com.mx\/arw\/wp-json\/wp\/v2\/media\/21911"}],"wp:attachment":[{"href":"https:\/\/annaruiz.com.mx\/arw\/wp-json\/wp\/v2\/media?parent=21910"}],"wp:term":[{"taxonomy":"post_tag","embeddable":true,"href":"https:\/\/annaruiz.com.mx\/arw\/wp-json\/wp\/v2\/tags?post=21910"},{"taxonomy":"tribe_events_cat","embeddable":true,"href":"https:\/\/annaruiz.com.mx\/arw\/wp-json\/wp\/v2\/tribe_events_cat?post=21910"}],"curies":[{"name":"wp","href":"https:\/\/api.w.org\/{rel}","templated":true}]}}

Tartas con la Chef Repostera en Anna Ruíz Store

<div>Ven y aprende este jueves 21 de julio de 10:00 a 14:00 horas, en el mejor lugar. Aprenderás a elaborar Tartas de Plátano, Nuez y Limón.</div>
<div style="margin-top: 20px">
<div style="margin: 20px 10px;font-size: 15px;line-height: 22px;font-weight: 400;text-align: left">
<h3><strong>Ven y aprende este jueves 21 de julio de 10:00 a 14:00 horas, en el mejor lugar. Aprenderás a elaborar Tartas de:</strong></h3>
<h3><strong>+ Plátano</strong></h3>
<h3><strong>+ Nuez</strong></h3>
<h3><strong>+ Limón</strong></h3>
<h3>Para más información comunícate con nosotros al +52 55 4181 3241 en CDMX</h3>
</div>
<div style="margin: 20px 0;line-height: 22px"><img class="lazyload" decoding="async" src="data:image/gif;base64,R0lGODlhAQABAAAAACH5BAEKAAEALAAAAAABAAEAAAICTAEAOw==" data-orig-src="https://img.evbuc.com/https%3A%2F%2Fcdn.evbuc.com%2Fimages%2F308809579%2F179204274955%2F1%2Foriginal.20220626-034926?h=2000&amp;w=720&amp;auto=format%2Ccompress&amp;q=75&amp;sharp=10&amp;s=d950ffe58697d9332e1de40d3110e0a1" alt="" /></div>
</div>

<p>Ven y aprende este jueves 21 de julio de 10:00 a 14:00 horas, en el mejor lugar. Aprenderás a elaborar Tartas de Plátano, Nuez y Limón. Ven y aprende este jueves 21 de julio de 10:00 a 14:00 horas, en el mejor lugar. Aprenderás a elaborar Tartas de: + Plátano + Nuez + Limón Para más información comunícate con nosotros al +52 55 4181 3241 en CDMX</p>
