{"id":22345,"date":"2023-01-27T11:09:38","date_gmt":"2023-01-27T17:09:38","guid":{"rendered":"https:\/\/annaruiz.com.mx\/arw\/event\/love-kids-class-con-la-chef-anna-ruiz-en-anna-ruiz-store\/"},"modified":"2023-02-24T15:27:33","modified_gmt":"2023-02-24T21:27:33","slug":"love-kids-class-con-la-chef-anna-ruiz-en-anna-ruiz-store","status":"publish","type":"tribe_events","link":"https:\/\/annaruiz.com.mx\/arw\/event\/love-kids-class-con-la-chef-anna-ruiz-en-anna-ruiz-store\/","title":{"rendered":"Love Kids Class con la Chef Anna Ru\u00edz en Anna Ru\u00edz Store"},"content":{"rendered":"<div>Love Kids Class con la Chef Anna Ru\u00edz en Anna Ru\u00edz Store este viernes 24 de febrero de 4 a 6 pm<\/div>\n<div style=\"margin-top: 20px\">\n<div style=\"margin: 20px 10px;font-size: 15px;line-height: 22px;font-weight: 400;text-align: left\">\n<h3><strong>Kids Class &#8220;Tem\u00e1tica Navide\u00f1a&#8221; con la Chef Anna Ru\u00edz en Anna Ru\u00edz Store este viernes 24 de febrero de 4 a 6 pm<\/strong><\/h3>\n<\/div>\n<div style=\"margin: 20px 0;line-height: 22px\"><img class=\"lazyload\" decoding=\"async\" src=\"data:image\/gif;base64,R0lGODlhAQABAAAAACH5BAEKAAEALAAAAAABAAEAAAICTAEAOw==\" data-orig-src=\"https:\/\/img.evbuc.com\/https%3A%2F%2Fcdn.evbuc.com%2Fimages%2F433247089%2F179204274955%2F1%2Foriginal.20230127-012902?h=2000&amp;w=720&amp;auto=format%2Ccompress&amp;q=75&amp;sharp=10&amp;s=8c05c996947576ac93bb85496a5fde3c\" alt=\"\" \/><\/div>\n<div style=\"margin: 20px 0;line-height: 22px\"><img class=\"lazyload\" decoding=\"async\" src=\"data:image\/gif;base64,R0lGODlhAQABAAAAACH5BAEKAAEALAAAAAABAAEAAAICTAEAOw==\" data-orig-src=\"https:\/\/img.evbuc.com\/https%3A%2F%2Fcdn.evbuc.com%2Fimages%2F382840209%2F179204274955%2F1%2Foriginal.20221030-022637?h=2000&amp;w=720&amp;auto=format%2Ccompress&amp;q=75&amp;sharp=10&amp;s=057171832d1fe9ebc6a6779d29a106b1\" alt=\"\" \/><\/div>\n<\/div>\n","protected":false},"excerpt":{"rendered":"<p>Love Kids Class con la Chef Anna Ru\u00edz en Anna Ru\u00edz Store este viernes 24 de febrero de 4 a 6 pm Kids Class &#8220;Tem\u00e1tica Navide\u00f1a&#8221; con la Chef Anna Ru\u00edz en Anna Ru\u00edz Store este viernes 24 de febrero de 4 a 6 pm<\/p>\n","protected":false},"author":1,"featured_media":22346,"template":"","meta":{"_tribe_events_status":"","_tribe_events_status_reason":"","footnotes":""},"tags":[],"tribe_events_cat":[],"class_list":["post-22345","tribe_events","type-tribe_events","status-publish","has-post-thumbnail","hentry"],"_links":{"self":[{"href":"https:\/\/annaruiz.com.mx\/arw\/wp-json\/wp\/v2\/tribe_events\/22345","targetHints":{"allow":["GET"]}}],"collection":[{"href":"https:\/\/annaruiz.com.mx\/arw\/wp-json\/wp\/v2\/tribe_events"}],"about":[{"href":"https:\/\/annaruiz.com.mx\/arw\/wp-json\/wp\/v2\/types\/tribe_events"}],"author":[{"embeddable":true,"href":"https:\/\/annaruiz.com.mx\/arw\/wp-json\/wp\/v2\/users\/1"}],"version-history":[{"count":1,"href":"https:\/\/annaruiz.com.mx\/arw\/wp-json\/wp\/v2\/tribe_events\/22345\/revisions"}],"predecessor-version":[{"id":22357,"href":"https:\/\/annaruiz.com.mx\/arw\/wp-json\/wp\/v2\/tribe_events\/22345\/revisions\/22357"}],"wp:featuredmedia":[{"embeddable":true,"href":"https:\/\/annaruiz.com.mx\/arw\/wp-json\/wp\/v2\/media\/22346"}],"wp:attachment":[{"href":"https:\/\/annaruiz.com.mx\/arw\/wp-json\/wp\/v2\/media?parent=22345"}],"wp:term":[{"taxonomy":"post_tag","embeddable":true,"href":"https:\/\/annaruiz.com.mx\/arw\/wp-json\/wp\/v2\/tags?post=22345"},{"taxonomy":"tribe_events_cat","embeddable":true,"href":"https:\/\/annaruiz.com.mx\/arw\/wp-json\/wp\/v2\/tribe_events_cat?post=22345"}],"curies":[{"name":"wp","href":"https:\/\/api.w.org\/{rel}","templated":true}]}}

Love Kids Class con la Chef Anna Ruíz en Anna Ruíz Store

<div>Love Kids Class con la Chef Anna Ruíz en Anna Ruíz Store este viernes 24 de febrero de 4 a 6 pm</div>
<div style="margin-top: 20px">
<div style="margin: 20px 10px;font-size: 15px;line-height: 22px;font-weight: 400;text-align: left">
<h3><strong>Kids Class &#8220;Temática Navideña&#8221; con la Chef Anna Ruíz en Anna Ruíz Store este viernes 24 de febrero de 4 a 6 pm</strong></h3>
</div>
<div style="margin: 20px 0;line-height: 22px"><img class="lazyload" decoding="async" src="data:image/gif;base64,R0lGODlhAQABAAAAACH5BAEKAAEALAAAAAABAAEAAAICTAEAOw==" data-orig-src="https://img.evbuc.com/https%3A%2F%2Fcdn.evbuc.com%2Fimages%2F433247089%2F179204274955%2F1%2Foriginal.20230127-012902?h=2000&amp;w=720&amp;auto=format%2Ccompress&amp;q=75&amp;sharp=10&amp;s=8c05c996947576ac93bb85496a5fde3c" alt="" /></div>
<div style="margin: 20px 0;line-height: 22px"><img class="lazyload" decoding="async" src="data:image/gif;base64,R0lGODlhAQABAAAAACH5BAEKAAEALAAAAAABAAEAAAICTAEAOw==" data-orig-src="https://img.evbuc.com/https%3A%2F%2Fcdn.evbuc.com%2Fimages%2F382840209%2F179204274955%2F1%2Foriginal.20221030-022637?h=2000&amp;w=720&amp;auto=format%2Ccompress&amp;q=75&amp;sharp=10&amp;s=057171832d1fe9ebc6a6779d29a106b1" alt="" /></div>
</div>

<p>Love Kids Class con la Chef Anna Ruíz en Anna Ruíz Store este viernes 24 de febrero de 4 a 6 pm Kids Class &#8220;Temática Navideña&#8221; con la Chef Anna Ruíz en Anna Ruíz Store este viernes 24 de febrero de 4 a 6 pm</p>
