{"id":22349,"date":"2023-01-27T11:09:42","date_gmt":"2023-01-27T17:09:42","guid":{"rendered":"https:\/\/annaruiz.com.mx\/arw\/event\/panaderia-sugar-free-con-chef-marcos-valadez-en-anna-ruiz-store\/"},"modified":"2023-02-24T15:27:33","modified_gmt":"2023-02-24T21:27:33","slug":"panaderia-sugar-free-con-chef-marcos-valadez-en-anna-ruiz-store","status":"publish","type":"tribe_events","link":"https:\/\/annaruiz.com.mx\/arw\/event\/panaderia-sugar-free-con-chef-marcos-valadez-en-anna-ruiz-store\/","title":{"rendered":"Panader\u00eda &#8220;Sugar Free&#8221; con chef Marcos Valadez en Anna Ru\u00edz Store"},"content":{"rendered":"<div>Ven y aprende con el Chef Marcos Valadez, este  domingo 26 de febrero de 12 a 16 hrs Panader\u00eda &#8220;Sugar Free&#8221; en el mejor lugar.<\/div>\n<div style=\"margin-top: 20px\">\n<div style=\"margin: 20px 10px;font-size: 15px;line-height: 22px;font-weight: 400;text-align: left\">\n<h3><strong>Ven y aprende con el Chef Marcos Valadez, este  domingo 26 de febrero de 12 a 16 hrs Panader\u00eda &#8220;Sugar Free&#8221;, en el mejor lugar. Aprender\u00e1s a hacer <\/strong><\/h3>\n<h3><strong>+ Cuernitos<\/strong><\/h3>\n<h3><strong>+ Trenzas<\/strong><\/h3>\n<h3><strong>+ Bisquet<\/strong><\/h3>\n<h2>Todos los materiales est\u00e1n incluidos con la inscripci\u00f3n <\/h2>\n<h3>Para m\u00e1s informaci\u00f3n comun\u00edcate con nosotros al +52 55 55366423 en CDMX<\/h3>\n<\/div>\n<div style=\"margin: 20px 0;line-height: 22px\"><img class=\"lazyload\" decoding=\"async\" src=\"data:image\/gif;base64,R0lGODlhAQABAAAAACH5BAEKAAEALAAAAAABAAEAAAICTAEAOw==\" data-orig-src=\"https:\/\/img.evbuc.com\/https%3A%2F%2Fcdn.evbuc.com%2Fimages%2F414249569%2F179204274955%2F1%2Foriginal.20221226-041824?h=2000&amp;w=720&amp;auto=format%2Ccompress&amp;q=75&amp;sharp=10&amp;s=990430c0257708dc453c0bcd4bfca62b\" alt=\"\" \/><\/div>\n<\/div>\n","protected":false},"excerpt":{"rendered":"<p>Ven y aprende con el Chef Marcos Valadez, este domingo 26 de febrero de 12 a 16 hrs Panader\u00eda &#8220;Sugar Free&#8221; en el mejor lugar. Ven y aprende con el Chef Marcos Valadez, este domingo 26 de febrero de 12 a 16 hrs Panader\u00eda &#8220;Sugar Free&#8221;, en el mejor lugar. Aprender\u00e1s a hacer + Cuernitos + Trenzas + Bisquet Todos los materiales est\u00e1n incluidos con la inscripci\u00f3n Para m\u00e1s informaci\u00f3n comun\u00edcate con nosotros al +52 55 55366423 en CDMX<\/p>\n","protected":false},"author":1,"featured_media":22350,"template":"","meta":{"_tribe_events_status":"","_tribe_events_status_reason":"","footnotes":""},"tags":[],"tribe_events_cat":[],"class_list":["post-22349","tribe_events","type-tribe_events","status-publish","has-post-thumbnail","hentry"],"_links":{"self":[{"href":"https:\/\/annaruiz.com.mx\/arw\/wp-json\/wp\/v2\/tribe_events\/22349","targetHints":{"allow":["GET"]}}],"collection":[{"href":"https:\/\/annaruiz.com.mx\/arw\/wp-json\/wp\/v2\/tribe_events"}],"about":[{"href":"https:\/\/annaruiz.com.mx\/arw\/wp-json\/wp\/v2\/types\/tribe_events"}],"author":[{"embeddable":true,"href":"https:\/\/annaruiz.com.mx\/arw\/wp-json\/wp\/v2\/users\/1"}],"version-history":[{"count":3,"href":"https:\/\/annaruiz.com.mx\/arw\/wp-json\/wp\/v2\/tribe_events\/22349\/revisions"}],"predecessor-version":[{"id":22384,"href":"https:\/\/annaruiz.com.mx\/arw\/wp-json\/wp\/v2\/tribe_events\/22349\/revisions\/22384"}],"wp:featuredmedia":[{"embeddable":true,"href":"https:\/\/annaruiz.com.mx\/arw\/wp-json\/wp\/v2\/media\/22350"}],"wp:attachment":[{"href":"https:\/\/annaruiz.com.mx\/arw\/wp-json\/wp\/v2\/media?parent=22349"}],"wp:term":[{"taxonomy":"post_tag","embeddable":true,"href":"https:\/\/annaruiz.com.mx\/arw\/wp-json\/wp\/v2\/tags?post=22349"},{"taxonomy":"tribe_events_cat","embeddable":true,"href":"https:\/\/annaruiz.com.mx\/arw\/wp-json\/wp\/v2\/tribe_events_cat?post=22349"}],"curies":[{"name":"wp","href":"https:\/\/api.w.org\/{rel}","templated":true}]}}

Panadería &#8220;Sugar Free&#8221; con chef Marcos Valadez en Anna Ruíz Store

<div>Ven y aprende con el Chef Marcos Valadez, este  domingo 26 de febrero de 12 a 16 hrs Panadería &#8220;Sugar Free&#8221; en el mejor lugar.</div>
<div style="margin-top: 20px">
<div style="margin: 20px 10px;font-size: 15px;line-height: 22px;font-weight: 400;text-align: left">
<h3><strong>Ven y aprende con el Chef Marcos Valadez, este  domingo 26 de febrero de 12 a 16 hrs Panadería &#8220;Sugar Free&#8221;, en el mejor lugar. Aprenderás a hacer </strong></h3>
<h3><strong>+ Cuernitos</strong></h3>
<h3><strong>+ Trenzas</strong></h3>
<h3><strong>+ Bisquet</strong></h3>
<h2>Todos los materiales están incluidos con la inscripción </h2>
<h3>Para más información comunícate con nosotros al +52 55 55366423 en CDMX</h3>
</div>
<div style="margin: 20px 0;line-height: 22px"><img class="lazyload" decoding="async" src="data:image/gif;base64,R0lGODlhAQABAAAAACH5BAEKAAEALAAAAAABAAEAAAICTAEAOw==" data-orig-src="https://img.evbuc.com/https%3A%2F%2Fcdn.evbuc.com%2Fimages%2F414249569%2F179204274955%2F1%2Foriginal.20221226-041824?h=2000&amp;w=720&amp;auto=format%2Ccompress&amp;q=75&amp;sharp=10&amp;s=990430c0257708dc453c0bcd4bfca62b" alt="" /></div>
</div>

<p>Ven y aprende con el Chef Marcos Valadez, este domingo 26 de febrero de 12 a 16 hrs Panadería &#8220;Sugar Free&#8221; en el mejor lugar. Ven y aprende con el Chef Marcos Valadez, este domingo 26 de febrero de 12 a 16 hrs Panadería &#8220;Sugar Free&#8221;, en el mejor lugar. Aprenderás a hacer + Cuernitos + Trenzas + Bisquet Todos los materiales están incluidos con la inscripción Para más información comunícate con nosotros al +52 55 55366423 en CDMX</p>
