{"id":24909,"date":"2024-04-30T07:12:46","date_gmt":"2024-04-30T13:12:46","guid":{"rendered":"https:\/\/annaruiz.com.mx\/arw\/event\/pan-regional-con-chef-marcos-valadez-en-anna-ruiz-store\/"},"modified":"2024-05-25T07:09:18","modified_gmt":"2024-05-25T13:09:18","slug":"pan-regional-con-chef-marcos-valadez-en-anna-ruiz-store","status":"publish","type":"tribe_events","link":"https:\/\/annaruiz.com.mx\/arw\/event\/pan-regional-con-chef-marcos-valadez-en-anna-ruiz-store\/","title":{"rendered":"Pan regional con chef Marcos Valadez en Anna Ru\u00edz Store"},"content":{"rendered":"<div>Ven y aprende con el Chef Marcos Valadez, este  domingo 26 mayo de 12 a 16 hrs, Pan Regional<\/div>\n<div style=\"margin-top: 20px\">\n<div style=\"margin: 20px 10px;font-size: 15px;line-height: 22px;font-weight: 400;text-align: left\">\n<p>\u00a1No te pierdas la <strong><\/strong><strong>Pan Regional con chef Marcos Valadez<\/strong> en <strong><\/strong><strong>Anna Ru\u00edz Store<\/strong>! Ser\u00e1 una experiencia \u00fanica donde podr\u00e1s aprender a hacer deliciosos panes Regionales de la mano de un experto. El evento se llevar\u00e1 a cabo el <strong><\/strong><strong>domingo 26 de mayo de 2024<\/strong> a las <strong><\/strong><strong>12:00 am<\/strong>. \u00a1Ven y disfruta de una ma\u00f1ana llena de sabor y aprendizaje en un ambiente acogedor y divertido!<\/p>\n<p><\/p>\n<\/div>\n<div style=\"margin: 20px 0;line-height: 22px\"><img class=\"lazyload\" decoding=\"async\" src=\"data:image\/gif;base64,R0lGODlhAQABAAAAACH5BAEKAAEALAAAAAABAAEAAAICTAEAOw==\" data-orig-src=\"https:\/\/img.evbuc.com\/https%3A%2F%2Fcdn.evbuc.com%2Fimages%2F753943199%2F179204274955%2F1%2Foriginal.20240427-183316?h=2000&amp;w=720&amp;auto=format%2Ccompress&amp;q=75&amp;sharp=10&amp;s=11e04033a55e9a463954a0421006199c\" alt=\"\" style=\"max-width: 100%;height: auto\" \/><\/div>\n<\/div>\n","protected":false},"excerpt":{"rendered":"<p>Ven y aprende con el Chef Marcos Valadez, este domingo 26 mayo de 12 a 16 hrs, Pan Regional \u00a1No te pierdas la Pan Regional con chef Marcos Valadez en Anna Ru\u00edz Store! Ser\u00e1 una experiencia \u00fanica donde podr\u00e1s aprender a hacer deliciosos panes Regionales de la mano de un experto. El evento se llevar\u00e1 a cabo el domingo 26 de mayo de 2024 a las 12:00 am. \u00a1Ven y disfruta de una ma\u00f1ana llena de sabor y aprendizaje en un ambiente acogedor y divertido!<\/p>\n","protected":false},"author":1,"featured_media":24910,"template":"","meta":{"_tribe_events_status":"","_tribe_events_status_reason":"","footnotes":""},"tags":[],"tribe_events_cat":[],"class_list":["post-24909","tribe_events","type-tribe_events","status-publish","has-post-thumbnail","hentry"],"_links":{"self":[{"href":"https:\/\/annaruiz.com.mx\/arw\/wp-json\/wp\/v2\/tribe_events\/24909","targetHints":{"allow":["GET"]}}],"collection":[{"href":"https:\/\/annaruiz.com.mx\/arw\/wp-json\/wp\/v2\/tribe_events"}],"about":[{"href":"https:\/\/annaruiz.com.mx\/arw\/wp-json\/wp\/v2\/types\/tribe_events"}],"author":[{"embeddable":true,"href":"https:\/\/annaruiz.com.mx\/arw\/wp-json\/wp\/v2\/users\/1"}],"version-history":[{"count":1,"href":"https:\/\/annaruiz.com.mx\/arw\/wp-json\/wp\/v2\/tribe_events\/24909\/revisions"}],"predecessor-version":[{"id":24916,"href":"https:\/\/annaruiz.com.mx\/arw\/wp-json\/wp\/v2\/tribe_events\/24909\/revisions\/24916"}],"wp:featuredmedia":[{"embeddable":true,"href":"https:\/\/annaruiz.com.mx\/arw\/wp-json\/wp\/v2\/media\/24910"}],"wp:attachment":[{"href":"https:\/\/annaruiz.com.mx\/arw\/wp-json\/wp\/v2\/media?parent=24909"}],"wp:term":[{"taxonomy":"post_tag","embeddable":true,"href":"https:\/\/annaruiz.com.mx\/arw\/wp-json\/wp\/v2\/tags?post=24909"},{"taxonomy":"tribe_events_cat","embeddable":true,"href":"https:\/\/annaruiz.com.mx\/arw\/wp-json\/wp\/v2\/tribe_events_cat?post=24909"}],"curies":[{"name":"wp","href":"https:\/\/api.w.org\/{rel}","templated":true}]}}

Pan regional con chef Marcos Valadez en Anna Ruíz Store

<div>Ven y aprende con el Chef Marcos Valadez, este  domingo 26 mayo de 12 a 16 hrs, Pan Regional</div>
<div style="margin-top: 20px">
<div style="margin: 20px 10px;font-size: 15px;line-height: 22px;font-weight: 400;text-align: left">
<p>¡No te pierdas la <strong></strong><strong>Pan Regional con chef Marcos Valadez</strong> en <strong></strong><strong>Anna Ruíz Store</strong>! Será una experiencia única donde podrás aprender a hacer deliciosos panes Regionales de la mano de un experto. El evento se llevará a cabo el <strong></strong><strong>domingo 26 de mayo de 2024</strong> a las <strong></strong><strong>12:00 am</strong>. ¡Ven y disfruta de una mañana llena de sabor y aprendizaje en un ambiente acogedor y divertido!</p>
<p></p>
</div>
<div style="margin: 20px 0;line-height: 22px"><img class="lazyload" decoding="async" src="data:image/gif;base64,R0lGODlhAQABAAAAACH5BAEKAAEALAAAAAABAAEAAAICTAEAOw==" data-orig-src="https://img.evbuc.com/https%3A%2F%2Fcdn.evbuc.com%2Fimages%2F753943199%2F179204274955%2F1%2Foriginal.20240427-183316?h=2000&amp;w=720&amp;auto=format%2Ccompress&amp;q=75&amp;sharp=10&amp;s=11e04033a55e9a463954a0421006199c" alt="" style="max-width: 100%;height: auto" /></div>
</div>

<p>Ven y aprende con el Chef Marcos Valadez, este domingo 26 mayo de 12 a 16 hrs, Pan Regional ¡No te pierdas la Pan Regional con chef Marcos Valadez en Anna Ruíz Store! Será una experiencia única donde podrás aprender a hacer deliciosos panes Regionales de la mano de un experto. El evento se llevará a cabo el domingo 26 de mayo de 2024 a las 12:00 am. ¡Ven y disfruta de una mañana llena de sabor y aprendizaje en un ambiente acogedor y divertido!</p>
