{"id":25011,"date":"2024-06-25T14:39:17","date_gmt":"2024-06-25T20:39:17","guid":{"rendered":"https:\/\/annaruiz.com.mx\/arw\/event\/macarrones-con-la-chef-liza-ojeda-en-anna-ruiz-store-16\/"},"modified":"2024-07-13T10:23:16","modified_gmt":"2024-07-13T16:23:16","slug":"macarrones-con-la-chef-liza-ojeda-en-anna-ruiz-store-16","status":"publish","type":"tribe_events","link":"https:\/\/annaruiz.com.mx\/arw\/event\/macarrones-con-la-chef-liza-ojeda-en-anna-ruiz-store-16\/","title":{"rendered":"Macarrones con la Chef Liza Ojeda en Anna Ru\u00edz Store"},"content":{"rendered":"<div>Ven y aprende con la Chef Liza Ojeda el 13 de Julio de 10:00 a 14:00 horas,  Aprender\u00e1s a\u00a0elaborar Macarrones Franceses de sabores<\/div>\n<div style=\"margin-top: 20px\">\n<div style=\"margin: 20px 10px;font-size: 15px;line-height: 22px;font-weight: 400;text-align: left\">\n<p>\u00a1No te pierdas la oportunidad de disfrutar de unos deliciosos <strong><\/strong><strong>macarrones<\/strong> preparados por la talentosa <strong><\/strong><strong>Chef Liza Ojeda<\/strong> en la tienda de Anna Ru\u00edz! Ser\u00e1 un evento \u00fanico donde podr\u00e1s aprender los secretos de esta exquisita receta y degustarla en compa\u00f1\u00eda de otros amantes de la buena comida. \u00a1Reserva la fecha en tu calendario para el <strong><\/strong><strong>S\u00e1bado, 13 de Julio de 2024 a las 10:00 am<\/strong> en Anna Ru\u00edz Store y prep\u00e1rate para una experiencia culinaria inolvidable!<\/p>\n<p><\/p>\n<\/div>\n<div style=\"margin: 20px 0;line-height: 22px\"><img class=\"lazyload\" decoding=\"async\" src=\"data:image\/gif;base64,R0lGODlhAQABAAAAACH5BAEKAAEALAAAAAABAAEAAAICTAEAOw==\" data-orig-src=\"https:\/\/img.evbuc.com\/https%3A%2F%2Fcdn.evbuc.com%2Fimages%2F795534579%2F179204274955%2F1%2Foriginal.20240624-222301?h=2000&amp;w=720&amp;auto=format%2Ccompress&amp;q=75&amp;sharp=10&amp;s=330e226b2077c44c70913b290e919ccc\" alt=\"\" style=\"max-width: 100%;height: auto\" \/><\/div>\n<\/div>\n","protected":false},"excerpt":{"rendered":"<p>Ven y aprende con la Chef Liza Ojeda el 13 de Julio de 10:00 a 14:00 horas, Aprender\u00e1s a\u00a0elaborar Macarrones Franceses de sabores \u00a1No te pierdas la oportunidad de disfrutar de unos deliciosos macarrones preparados por la talentosa Chef Liza Ojeda en la tienda de Anna Ru\u00edz! Ser\u00e1 un evento \u00fanico donde podr\u00e1s aprender los secretos de esta exquisita receta y degustarla en compa\u00f1\u00eda de otros amantes de la buena comida. \u00a1Reserva la fecha en tu calendario para el S\u00e1bado, 13 de Julio de 2024 a las 10:00 am en Anna Ru\u00edz Store y prep\u00e1rate para una experiencia culinaria inolvidable!<\/p>\n","protected":false},"author":1,"featured_media":25012,"template":"","meta":{"_tribe_events_status":"","_tribe_events_status_reason":"","footnotes":""},"tags":[],"tribe_events_cat":[],"class_list":["post-25011","tribe_events","type-tribe_events","status-publish","has-post-thumbnail","hentry"],"_links":{"self":[{"href":"https:\/\/annaruiz.com.mx\/arw\/wp-json\/wp\/v2\/tribe_events\/25011","targetHints":{"allow":["GET"]}}],"collection":[{"href":"https:\/\/annaruiz.com.mx\/arw\/wp-json\/wp\/v2\/tribe_events"}],"about":[{"href":"https:\/\/annaruiz.com.mx\/arw\/wp-json\/wp\/v2\/types\/tribe_events"}],"author":[{"embeddable":true,"href":"https:\/\/annaruiz.com.mx\/arw\/wp-json\/wp\/v2\/users\/1"}],"version-history":[{"count":1,"href":"https:\/\/annaruiz.com.mx\/arw\/wp-json\/wp\/v2\/tribe_events\/25011\/revisions"}],"predecessor-version":[{"id":25024,"href":"https:\/\/annaruiz.com.mx\/arw\/wp-json\/wp\/v2\/tribe_events\/25011\/revisions\/25024"}],"wp:featuredmedia":[{"embeddable":true,"href":"https:\/\/annaruiz.com.mx\/arw\/wp-json\/wp\/v2\/media\/25012"}],"wp:attachment":[{"href":"https:\/\/annaruiz.com.mx\/arw\/wp-json\/wp\/v2\/media?parent=25011"}],"wp:term":[{"taxonomy":"post_tag","embeddable":true,"href":"https:\/\/annaruiz.com.mx\/arw\/wp-json\/wp\/v2\/tags?post=25011"},{"taxonomy":"tribe_events_cat","embeddable":true,"href":"https:\/\/annaruiz.com.mx\/arw\/wp-json\/wp\/v2\/tribe_events_cat?post=25011"}],"curies":[{"name":"wp","href":"https:\/\/api.w.org\/{rel}","templated":true}]}}

Macarrones con la Chef Liza Ojeda en Anna Ruíz Store

<div>Ven y aprende con la Chef Liza Ojeda el 13 de Julio de 10:00 a 14:00 horas,  Aprenderás a elaborar Macarrones Franceses de sabores</div>
<div style="margin-top: 20px">
<div style="margin: 20px 10px;font-size: 15px;line-height: 22px;font-weight: 400;text-align: left">
<p>¡No te pierdas la oportunidad de disfrutar de unos deliciosos <strong></strong><strong>macarrones</strong> preparados por la talentosa <strong></strong><strong>Chef Liza Ojeda</strong> en la tienda de Anna Ruíz! Será un evento único donde podrás aprender los secretos de esta exquisita receta y degustarla en compañía de otros amantes de la buena comida. ¡Reserva la fecha en tu calendario para el <strong></strong><strong>Sábado, 13 de Julio de 2024 a las 10:00 am</strong> en Anna Ruíz Store y prepárate para una experiencia culinaria inolvidable!</p>
<p></p>
</div>
<div style="margin: 20px 0;line-height: 22px"><img class="lazyload" decoding="async" src="data:image/gif;base64,R0lGODlhAQABAAAAACH5BAEKAAEALAAAAAABAAEAAAICTAEAOw==" data-orig-src="https://img.evbuc.com/https%3A%2F%2Fcdn.evbuc.com%2Fimages%2F795534579%2F179204274955%2F1%2Foriginal.20240624-222301?h=2000&amp;w=720&amp;auto=format%2Ccompress&amp;q=75&amp;sharp=10&amp;s=330e226b2077c44c70913b290e919ccc" alt="" style="max-width: 100%;height: auto" /></div>
</div>

<p>Ven y aprende con la Chef Liza Ojeda el 13 de Julio de 10:00 a 14:00 horas, Aprenderás a elaborar Macarrones Franceses de sabores ¡No te pierdas la oportunidad de disfrutar de unos deliciosos macarrones preparados por la talentosa Chef Liza Ojeda en la tienda de Anna Ruíz! Será un evento único donde podrás aprender los secretos de esta exquisita receta y degustarla en compañía de otros amantes de la buena comida. ¡Reserva la fecha en tu calendario para el Sábado, 13 de Julio de 2024 a las 10:00 am en Anna Ruíz Store y prepárate para una experiencia culinaria inolvidable!</p>
