{"id":25086,"date":"2024-07-30T10:09:20","date_gmt":"2024-07-30T16:09:20","guid":{"rendered":"https:\/\/annaruiz.com.mx\/arw\/event\/panaderia-en-anna-ruiz-store\/"},"modified":"2024-08-09T15:25:10","modified_gmt":"2024-08-09T21:25:10","slug":"panaderia-en-anna-ruiz-store","status":"publish","type":"tribe_events","link":"https:\/\/annaruiz.com.mx\/arw\/event\/panaderia-en-anna-ruiz-store\/","title":{"rendered":"Panader\u00eda  en Anna Ru\u00edz Store"},"content":{"rendered":"<div>Ven y aprende con el Chef Marcos Valadez, el domingo 11 de Agosto de 12:00 a 16:00 hrs, Aprender\u00e1s a hacer Panader\u00eda.<\/div>\n<div style=\"margin-top: 20px\">\n<div style=\"margin: 20px 10px;font-size: 15px;line-height: 22px;font-weight: 400;text-align: left\">\n<h3><strong><\/strong><strong>Ven y aprende con el Chef Marcos Valadez, el domingo 11 de Agosto de 12:00 a 16:00 hrs, Aprender\u00e1s a hacer Panader\u00eda en el mejor lugar. con diferentes t\u00e9cnicas y materiales incluidos.<\/strong><\/h3>\n<h2>+ Choux<\/h2>\n<h2>+ Nueces<\/h2>\n<h2>+ Piedras de nuez y arandanos  <\/h2>\n<h3>Todos los materiales est\u00e1n incluidos con la inscripci\u00f3n<\/h3>\n<h3>Para m\u00e1s informaci\u00f3n comun\u00edcate con nosotros al +52 55 55366423 en CDMX<\/h3>\n<\/div>\n<div style=\"margin: 20px 0;line-height: 22px\"><img class=\"lazyload\" decoding=\"async\" src=\"data:image\/gif;base64,R0lGODlhAQABAAAAACH5BAEKAAEALAAAAAABAAEAAAICTAEAOw==\" data-orig-src=\"https:\/\/img.evbuc.com\/https%3A%2F%2Fcdn.evbuc.com%2Fimages%2F823457769%2F179204274955%2F1%2Foriginal.20240808-202725?h=740&amp;w=1200&amp;auto=format%2Ccompress&amp;q=75&amp;sharp=10&amp;s=71fa517604a392f68171aed8dfb2897d\" alt=\"\" style=\"max-width: 100%;height: auto\" \/><\/div>\n<\/div>\n","protected":false},"excerpt":{"rendered":"<p>Ven y aprende con el Chef Marcos Valadez, el domingo 11 de Agosto de 12:00 a 16:00 hrs, Aprender\u00e1s a hacer Panader\u00eda. Ven y aprende con el Chef Marcos Valadez, el domingo 11 de Agosto de 12:00 a 16:00 hrs, Aprender\u00e1s a hacer Panader\u00eda en el mejor lugar. con diferentes t\u00e9cnicas y materiales incluidos. + Choux + Nueces + Piedras de nuez y arandanos Todos los materiales est\u00e1n incluidos con la inscripci\u00f3n Para m\u00e1s informaci\u00f3n comun\u00edcate con nosotros al +52 55 55366423 en CDMX<\/p>\n","protected":false},"author":1,"featured_media":25124,"template":"","meta":{"_tribe_events_status":"","_tribe_events_status_reason":"","footnotes":""},"tags":[],"tribe_events_cat":[],"class_list":["post-25086","tribe_events","type-tribe_events","status-publish","has-post-thumbnail","hentry"],"_links":{"self":[{"href":"https:\/\/annaruiz.com.mx\/arw\/wp-json\/wp\/v2\/tribe_events\/25086","targetHints":{"allow":["GET"]}}],"collection":[{"href":"https:\/\/annaruiz.com.mx\/arw\/wp-json\/wp\/v2\/tribe_events"}],"about":[{"href":"https:\/\/annaruiz.com.mx\/arw\/wp-json\/wp\/v2\/types\/tribe_events"}],"author":[{"embeddable":true,"href":"https:\/\/annaruiz.com.mx\/arw\/wp-json\/wp\/v2\/users\/1"}],"version-history":[{"count":2,"href":"https:\/\/annaruiz.com.mx\/arw\/wp-json\/wp\/v2\/tribe_events\/25086\/revisions"}],"predecessor-version":[{"id":25123,"href":"https:\/\/annaruiz.com.mx\/arw\/wp-json\/wp\/v2\/tribe_events\/25086\/revisions\/25123"}],"wp:featuredmedia":[{"embeddable":true,"href":"https:\/\/annaruiz.com.mx\/arw\/wp-json\/wp\/v2\/media\/25124"}],"wp:attachment":[{"href":"https:\/\/annaruiz.com.mx\/arw\/wp-json\/wp\/v2\/media?parent=25086"}],"wp:term":[{"taxonomy":"post_tag","embeddable":true,"href":"https:\/\/annaruiz.com.mx\/arw\/wp-json\/wp\/v2\/tags?post=25086"},{"taxonomy":"tribe_events_cat","embeddable":true,"href":"https:\/\/annaruiz.com.mx\/arw\/wp-json\/wp\/v2\/tribe_events_cat?post=25086"}],"curies":[{"name":"wp","href":"https:\/\/api.w.org\/{rel}","templated":true}]}}

Panadería  en Anna Ruíz Store

<div>Ven y aprende con el Chef Marcos Valadez, el domingo 11 de Agosto de 12:00 a 16:00 hrs, Aprenderás a hacer Panadería.</div>
<div style="margin-top: 20px">
<div style="margin: 20px 10px;font-size: 15px;line-height: 22px;font-weight: 400;text-align: left">
<h3><strong></strong><strong>Ven y aprende con el Chef Marcos Valadez, el domingo 11 de Agosto de 12:00 a 16:00 hrs, Aprenderás a hacer Panadería en el mejor lugar. con diferentes técnicas y materiales incluidos.</strong></h3>
<h2>+ Choux</h2>
<h2>+ Nueces</h2>
<h2>+ Piedras de nuez y arandanos  </h2>
<h3>Todos los materiales están incluidos con la inscripción</h3>
<h3>Para más información comunícate con nosotros al +52 55 55366423 en CDMX</h3>
</div>
<div style="margin: 20px 0;line-height: 22px"><img class="lazyload" decoding="async" src="data:image/gif;base64,R0lGODlhAQABAAAAACH5BAEKAAEALAAAAAABAAEAAAICTAEAOw==" data-orig-src="https://img.evbuc.com/https%3A%2F%2Fcdn.evbuc.com%2Fimages%2F823457769%2F179204274955%2F1%2Foriginal.20240808-202725?h=740&amp;w=1200&amp;auto=format%2Ccompress&amp;q=75&amp;sharp=10&amp;s=71fa517604a392f68171aed8dfb2897d" alt="" style="max-width: 100%;height: auto" /></div>
</div>

<p>Ven y aprende con el Chef Marcos Valadez, el domingo 11 de Agosto de 12:00 a 16:00 hrs, Aprenderás a hacer Panadería. Ven y aprende con el Chef Marcos Valadez, el domingo 11 de Agosto de 12:00 a 16:00 hrs, Aprenderás a hacer Panadería en el mejor lugar. con diferentes técnicas y materiales incluidos. + Choux + Nueces + Piedras de nuez y arandanos Todos los materiales están incluidos con la inscripción Para más información comunícate con nosotros al +52 55 55366423 en CDMX</p>
