{"id":25157,"date":"2024-09-01T07:08:13","date_gmt":"2024-09-01T13:08:13","guid":{"rendered":"https:\/\/annaruiz.com.mx\/arw\/event\/macarrons-con-la-chef-liza-ojeda-en-anna-ruiz-store\/"},"modified":"2024-09-18T10:24:01","modified_gmt":"2024-09-18T16:24:01","slug":"macarrons-con-la-chef-liza-ojeda-en-anna-ruiz-store","status":"publish","type":"tribe_events","link":"https:\/\/annaruiz.com.mx\/arw\/event\/macarrons-con-la-chef-liza-ojeda-en-anna-ruiz-store\/","title":{"rendered":"Macarrons con la Chef Liza Ojeda en Anna Ru\u00edz Store"},"content":{"rendered":"<div>Ven y aprende con la Chef Liza Ojeda el 13 de Julio de 10:00 a 14:00 horas,  Aprender\u00e1s a\u00a0elaborar Macarrons Franceses de sabores<\/div>\n<div style=\"margin-top: 20px\">\n<div style=\"margin: 20px 10px;font-size: 15px;line-height: 22px;font-weight: 400;text-align: left\">\n<p>\u00a1Ven a disfrutar de una tarde deliciosa en <strong><\/strong><strong>Anna Ru\u00edz Store<\/strong> con la Chef Liza Ojeda! Acomp\u00e1\u00f1anos el <strong><\/strong><strong>mi\u00e9rcoles 18 de septiembre de 2024<\/strong> a las <strong><\/strong><strong>13:00 horas<\/strong> para aprender a hacer los mejores <strong><\/strong><strong>macarrons<\/strong> con la experta en reposter\u00eda. \u00a1No te pierdas esta incre\u00edble oportunidad de aprender y degustar deliciosos postres! \u00a1Te esperamos!<\/p>\n<p><\/p>\n<\/div>\n<div style=\"margin: 20px 0;line-height: 22px\"><img class=\"lazyload\" decoding=\"async\" src=\"data:image\/gif;base64,R0lGODlhAQABAAAAACH5BAEKAAEALAAAAAABAAEAAAICTAEAOw==\" data-orig-src=\"https:\/\/img.evbuc.com\/https%3A%2F%2Fcdn.evbuc.com%2Fimages%2F838693009%2F179204274955%2F1%2Foriginal.20240831-190154?h=740&amp;w=1200&amp;auto=format%2Ccompress&amp;q=75&amp;sharp=10&amp;s=2792876479377f40a0a8be824af8371c\" alt=\"\" style=\"max-width: 100%;height: auto\" \/><\/div>\n<\/div>\n","protected":false},"excerpt":{"rendered":"<p>Ven y aprende con la Chef Liza Ojeda el 13 de Julio de 10:00 a 14:00 horas, Aprender\u00e1s a\u00a0elaborar Macarrons Franceses de sabores \u00a1Ven a disfrutar de una tarde deliciosa en Anna Ru\u00edz Store con la Chef Liza Ojeda! Acomp\u00e1\u00f1anos el mi\u00e9rcoles 18 de septiembre de 2024 a las 13:00 horas para aprender a hacer los mejores macarrons con la experta en reposter\u00eda. \u00a1No te pierdas esta incre\u00edble oportunidad de aprender y degustar deliciosos postres! \u00a1Te esperamos!<\/p>\n","protected":false},"author":1,"featured_media":24049,"template":"","meta":{"_tribe_events_status":"","_tribe_events_status_reason":"","footnotes":""},"tags":[],"tribe_events_cat":[],"class_list":["post-25157","tribe_events","type-tribe_events","status-publish","has-post-thumbnail","hentry"],"_links":{"self":[{"href":"https:\/\/annaruiz.com.mx\/arw\/wp-json\/wp\/v2\/tribe_events\/25157","targetHints":{"allow":["GET"]}}],"collection":[{"href":"https:\/\/annaruiz.com.mx\/arw\/wp-json\/wp\/v2\/tribe_events"}],"about":[{"href":"https:\/\/annaruiz.com.mx\/arw\/wp-json\/wp\/v2\/types\/tribe_events"}],"author":[{"embeddable":true,"href":"https:\/\/annaruiz.com.mx\/arw\/wp-json\/wp\/v2\/users\/1"}],"version-history":[{"count":1,"href":"https:\/\/annaruiz.com.mx\/arw\/wp-json\/wp\/v2\/tribe_events\/25157\/revisions"}],"predecessor-version":[{"id":25175,"href":"https:\/\/annaruiz.com.mx\/arw\/wp-json\/wp\/v2\/tribe_events\/25157\/revisions\/25175"}],"wp:featuredmedia":[{"embeddable":true,"href":"https:\/\/annaruiz.com.mx\/arw\/wp-json\/wp\/v2\/media\/24049"}],"wp:attachment":[{"href":"https:\/\/annaruiz.com.mx\/arw\/wp-json\/wp\/v2\/media?parent=25157"}],"wp:term":[{"taxonomy":"post_tag","embeddable":true,"href":"https:\/\/annaruiz.com.mx\/arw\/wp-json\/wp\/v2\/tags?post=25157"},{"taxonomy":"tribe_events_cat","embeddable":true,"href":"https:\/\/annaruiz.com.mx\/arw\/wp-json\/wp\/v2\/tribe_events_cat?post=25157"}],"curies":[{"name":"wp","href":"https:\/\/api.w.org\/{rel}","templated":true}]}}

Macarrons con la Chef Liza Ojeda en Anna Ruíz Store

<div>Ven y aprende con la Chef Liza Ojeda el 13 de Julio de 10:00 a 14:00 horas,  Aprenderás a elaborar Macarrons Franceses de sabores</div>
<div style="margin-top: 20px">
<div style="margin: 20px 10px;font-size: 15px;line-height: 22px;font-weight: 400;text-align: left">
<p>¡Ven a disfrutar de una tarde deliciosa en <strong></strong><strong>Anna Ruíz Store</strong> con la Chef Liza Ojeda! Acompáñanos el <strong></strong><strong>miércoles 18 de septiembre de 2024</strong> a las <strong></strong><strong>13:00 horas</strong> para aprender a hacer los mejores <strong></strong><strong>macarrons</strong> con la experta en repostería. ¡No te pierdas esta increíble oportunidad de aprender y degustar deliciosos postres! ¡Te esperamos!</p>
<p></p>
</div>
<div style="margin: 20px 0;line-height: 22px"><img class="lazyload" decoding="async" src="data:image/gif;base64,R0lGODlhAQABAAAAACH5BAEKAAEALAAAAAABAAEAAAICTAEAOw==" data-orig-src="https://img.evbuc.com/https%3A%2F%2Fcdn.evbuc.com%2Fimages%2F838693009%2F179204274955%2F1%2Foriginal.20240831-190154?h=740&amp;w=1200&amp;auto=format%2Ccompress&amp;q=75&amp;sharp=10&amp;s=2792876479377f40a0a8be824af8371c" alt="" style="max-width: 100%;height: auto" /></div>
</div>

<p>Ven y aprende con la Chef Liza Ojeda el 13 de Julio de 10:00 a 14:00 horas, Aprenderás a elaborar Macarrons Franceses de sabores ¡Ven a disfrutar de una tarde deliciosa en Anna Ruíz Store con la Chef Liza Ojeda! Acompáñanos el miércoles 18 de septiembre de 2024 a las 13:00 horas para aprender a hacer los mejores macarrons con la experta en repostería. ¡No te pierdas esta increíble oportunidad de aprender y degustar deliciosos postres! ¡Te esperamos!</p>
