{"id":25177,"date":"2024-09-02T07:08:20","date_gmt":"2024-09-02T13:08:20","guid":{"rendered":"https:\/\/annaruiz.com.mx\/arw\/event\/modelado-1-caras-chef-karina-g-en-anna-ruiz-store\/"},"modified":"2024-09-21T10:09:37","modified_gmt":"2024-09-21T16:09:37","slug":"modelado-1-caras-chef-karina-g-en-anna-ruiz-store","status":"publish","type":"tribe_events","link":"https:\/\/annaruiz.com.mx\/arw\/event\/modelado-1-caras-chef-karina-g-en-anna-ruiz-store\/","title":{"rendered":"Modelado 1  (caras) Chef Karina G. en Anna Ruiz Store"},"content":{"rendered":"<div>Modelado 1  (caras) Chef Karina G. en Anna Ruiz Store este mi\u00e9rcoles  21 de Septiembre de 10 a 14 horas<\/div>\n<div style=\"margin-top: 20px\">\n<div style=\"margin: 20px 10px;font-size: 15px;line-height: 22px;font-weight: 400;text-align: left\">\n<p><strong><\/strong><strong>Modelado 1 (caras) Chef Karina G. en Anna Ruiz Store<\/strong><\/p>\n<p>\u00a1Hola a todos! \u00bfEst\u00e1n listos para un evento incre\u00edble en Anna Ruiz Store? Este s\u00e1bado, 21 de septiembre de 2024, a las 10:00 am, tendr\u00e1n la oportunidad de participar en el <strong><\/strong><strong>Modelado 1 (caras)<\/strong> impartido por la talentosa Chef Karina G.<\/p>\n<p>En este taller, aprender\u00e1n t\u00e9cnicas de modelado de caras para darle un toque especial a sus creaciones culinarias. \u00a1Imaginen lo divertido que ser\u00e1 aprender mientras disfrutan de un ambiente creativo y acogedor en Anna Ruiz Store!<\/p>\n<p>No se pierdan esta oportunidad \u00fanica de mejorar sus habilidades culinarias y pasar un rato agradable en compa\u00f1\u00eda de otros apasionados por la cocina. \u00a1Los esperamos en Anna Ruiz Store para vivir esta experiencia inolvidable!<\/p>\n<p><\/p>\n<\/div>\n<\/div>\n","protected":false},"excerpt":{"rendered":"<p>Modelado 1 (caras) Chef Karina G. en Anna Ruiz Store este mi\u00e9rcoles 21 de Septiembre de 10 a 14 horas Modelado 1 (caras) Chef Karina G. en Anna Ruiz Store \u00a1Hola a todos! \u00bfEst\u00e1n listos para un evento incre\u00edble en Anna Ruiz Store? Este s\u00e1bado, 21 de septiembre de 2024, a las 10:00 am, tendr\u00e1n la oportunidad de participar en el Modelado 1 (caras) impartido por la talentosa Chef Karina G. En este taller, aprender\u00e1n t\u00e9cnicas de modelado de caras para darle un toque especial a sus creaciones culinarias. \u00a1Imaginen lo divertido que ser\u00e1 aprender mientras disfrutan de un ambiente creativo <a href=\"https:\/\/annaruiz.com.mx\/arw\/event\/modelado-1-caras-chef-karina-g-en-anna-ruiz-store\/\"> [&#8230;]<\/a><\/p>\n","protected":false},"author":1,"featured_media":24057,"template":"","meta":{"_tribe_events_status":"","_tribe_events_status_reason":"","footnotes":""},"tags":[],"tribe_events_cat":[],"class_list":["post-25177","tribe_events","type-tribe_events","status-publish","has-post-thumbnail","hentry"],"_links":{"self":[{"href":"https:\/\/annaruiz.com.mx\/arw\/wp-json\/wp\/v2\/tribe_events\/25177","targetHints":{"allow":["GET"]}}],"collection":[{"href":"https:\/\/annaruiz.com.mx\/arw\/wp-json\/wp\/v2\/tribe_events"}],"about":[{"href":"https:\/\/annaruiz.com.mx\/arw\/wp-json\/wp\/v2\/types\/tribe_events"}],"author":[{"embeddable":true,"href":"https:\/\/annaruiz.com.mx\/arw\/wp-json\/wp\/v2\/users\/1"}],"version-history":[{"count":1,"href":"https:\/\/annaruiz.com.mx\/arw\/wp-json\/wp\/v2\/tribe_events\/25177\/revisions"}],"predecessor-version":[{"id":25183,"href":"https:\/\/annaruiz.com.mx\/arw\/wp-json\/wp\/v2\/tribe_events\/25177\/revisions\/25183"}],"wp:featuredmedia":[{"embeddable":true,"href":"https:\/\/annaruiz.com.mx\/arw\/wp-json\/wp\/v2\/media\/24057"}],"wp:attachment":[{"href":"https:\/\/annaruiz.com.mx\/arw\/wp-json\/wp\/v2\/media?parent=25177"}],"wp:term":[{"taxonomy":"post_tag","embeddable":true,"href":"https:\/\/annaruiz.com.mx\/arw\/wp-json\/wp\/v2\/tags?post=25177"},{"taxonomy":"tribe_events_cat","embeddable":true,"href":"https:\/\/annaruiz.com.mx\/arw\/wp-json\/wp\/v2\/tribe_events_cat?post=25177"}],"curies":[{"name":"wp","href":"https:\/\/api.w.org\/{rel}","templated":true}]}}

<div>Modelado 1  (caras) Chef Karina G. en Anna Ruiz Store este miércoles  21 de Septiembre de 10 a 14 horas</div>
<div style="margin-top: 20px">
<div style="margin: 20px 10px;font-size: 15px;line-height: 22px;font-weight: 400;text-align: left">
<p><strong></strong><strong>Modelado 1 (caras) Chef Karina G. en Anna Ruiz Store</strong></p>
<p>¡Hola a todos! ¿Están listos para un evento increíble en Anna Ruiz Store? Este sábado, 21 de septiembre de 2024, a las 10:00 am, tendrán la oportunidad de participar en el <strong></strong><strong>Modelado 1 (caras)</strong> impartido por la talentosa Chef Karina G.</p>
<p>En este taller, aprenderán técnicas de modelado de caras para darle un toque especial a sus creaciones culinarias. ¡Imaginen lo divertido que será aprender mientras disfrutan de un ambiente creativo y acogedor en Anna Ruiz Store!</p>
<p>No se pierdan esta oportunidad única de mejorar sus habilidades culinarias y pasar un rato agradable en compañía de otros apasionados por la cocina. ¡Los esperamos en Anna Ruiz Store para vivir esta experiencia inolvidable!</p>
<p></p>
</div>
</div>

<p>Modelado 1 (caras) Chef Karina G. en Anna Ruiz Store este miércoles 21 de Septiembre de 10 a 14 horas Modelado 1 (caras) Chef Karina G. en Anna Ruiz Store ¡Hola a todos! ¿Están listos para un evento increíble en Anna Ruiz Store? Este sábado, 21 de septiembre de 2024, a las 10:00 am, tendrán la oportunidad de participar en el Modelado 1 (caras) impartido por la talentosa Chef Karina G. En este taller, aprenderán técnicas de modelado de caras para darle un toque especial a sus creaciones culinarias. ¡Imaginen lo divertido que será aprender mientras disfrutan de un ambiente creativo <a href="https://annaruiz.com.mx/arw/event/modelado-1-caras-chef-karina-g-en-anna-ruiz-store/"> [&#8230;]</a></p>
