{"id":25223,"date":"2024-09-22T14:54:06","date_gmt":"2024-09-22T20:54:06","guid":{"rendered":"https:\/\/annaruiz.com.mx\/arw\/event\/modelado-2-caras-chef-karina-g-en-anna-ruiz-store\/"},"modified":"2024-10-19T07:09:17","modified_gmt":"2024-10-19T13:09:17","slug":"modelado-2-caras-chef-karina-g-en-anna-ruiz-store","status":"publish","type":"tribe_events","link":"https:\/\/annaruiz.com.mx\/arw\/event\/modelado-2-caras-chef-karina-g-en-anna-ruiz-store\/","title":{"rendered":"Modelado 2  (caras) Chef Karina G. en Anna Ruiz Store"},"content":{"rendered":"<div>Modelado 2  (caras) Chef Karina G. en Anna Ruiz Store este mi\u00e9rcoles  21 de Septiembre de 10 a 14 horas<\/div>\n<div style=\"margin-top: 20px\">\n<div style=\"margin: 20px 10px;font-size: 15px;line-height: 22px;font-weight: 400;text-align: left\">\n<p><strong><\/strong><strong>Modelado 1 (caras) Chef Karina G. en Anna Ruiz Store<\/strong><\/p>\n<p>\u00a1Hola a todos! \u00bfEst\u00e1n listos para un evento incre\u00edble en Anna Ruiz Store? Este s\u00e1bado, 19 de octubre de 2024, a las 10:00 am, tendr\u00e1n la oportunidad de participar en el <strong><\/strong><strong>Modelado 2 (caras)<\/strong> impartido por la talentosa Chef Karina G.<\/p>\n<p>En este taller, aprender\u00e1n t\u00e9cnicas de modelado de caras para darle un toque especial a sus creaciones culinarias. \u00a1Imaginen lo divertido que ser\u00e1 aprender mientras disfrutan de un ambiente creativo y acogedor en Anna Ruiz Store!<\/p>\n<p>No se pierdan esta oportunidad \u00fanica de mejorar sus habilidades culinarias y pasar un rato agradable en compa\u00f1\u00eda de otros apasionados por la cocina. \u00a1Los esperamos en Anna Ruiz Store para vivir esta experiencia inolvidable!<\/p>\n<p><\/p>\n<\/div>\n<div style=\"margin: 20px 0;line-height: 22px\"><img class=\"lazyload\" decoding=\"async\" src=\"data:image\/gif;base64,R0lGODlhAQABAAAAACH5BAEKAAEALAAAAAABAAEAAAICTAEAOw==\" data-orig-src=\"https:\/\/img.evbuc.com\/https%3A%2F%2Fcdn.evbuc.com%2Fimages%2F856077309%2F179204274955%2F1%2Foriginal.20240921-184246?h=740&amp;w=1200&amp;auto=format%2Ccompress&amp;q=75&amp;sharp=10&amp;s=51308c6c175b5470e3106ee15f9f2a33\" alt=\"\" style=\"max-width: 100%;height: auto\" \/><\/div>\n<\/div>\n","protected":false},"excerpt":{"rendered":"<p>Modelado 2 (caras) Chef Karina G. en Anna Ruiz Store este mi\u00e9rcoles 21 de Septiembre de 10 a 14 horas Modelado 1 (caras) Chef Karina G. en Anna Ruiz Store \u00a1Hola a todos! \u00bfEst\u00e1n listos para un evento incre\u00edble en Anna Ruiz Store? Este s\u00e1bado, 19 de octubre de 2024, a las 10:00 am, tendr\u00e1n la oportunidad de participar en el Modelado 2 (caras) impartido por la talentosa Chef Karina G. En este taller, aprender\u00e1n t\u00e9cnicas de modelado de caras para darle un toque especial a sus creaciones culinarias. \u00a1Imaginen lo divertido que ser\u00e1 aprender mientras disfrutan de un ambiente creativo <a href=\"https:\/\/annaruiz.com.mx\/arw\/event\/modelado-2-caras-chef-karina-g-en-anna-ruiz-store\/\"> [&#8230;]<\/a><\/p>\n","protected":false},"author":1,"featured_media":25224,"template":"","meta":{"_tribe_events_status":"","_tribe_events_status_reason":"","footnotes":""},"tags":[],"tribe_events_cat":[],"class_list":["post-25223","tribe_events","type-tribe_events","status-publish","has-post-thumbnail","hentry"],"_links":{"self":[{"href":"https:\/\/annaruiz.com.mx\/arw\/wp-json\/wp\/v2\/tribe_events\/25223","targetHints":{"allow":["GET"]}}],"collection":[{"href":"https:\/\/annaruiz.com.mx\/arw\/wp-json\/wp\/v2\/tribe_events"}],"about":[{"href":"https:\/\/annaruiz.com.mx\/arw\/wp-json\/wp\/v2\/types\/tribe_events"}],"author":[{"embeddable":true,"href":"https:\/\/annaruiz.com.mx\/arw\/wp-json\/wp\/v2\/users\/1"}],"version-history":[{"count":1,"href":"https:\/\/annaruiz.com.mx\/arw\/wp-json\/wp\/v2\/tribe_events\/25223\/revisions"}],"predecessor-version":[{"id":25236,"href":"https:\/\/annaruiz.com.mx\/arw\/wp-json\/wp\/v2\/tribe_events\/25223\/revisions\/25236"}],"wp:featuredmedia":[{"embeddable":true,"href":"https:\/\/annaruiz.com.mx\/arw\/wp-json\/wp\/v2\/media\/25224"}],"wp:attachment":[{"href":"https:\/\/annaruiz.com.mx\/arw\/wp-json\/wp\/v2\/media?parent=25223"}],"wp:term":[{"taxonomy":"post_tag","embeddable":true,"href":"https:\/\/annaruiz.com.mx\/arw\/wp-json\/wp\/v2\/tags?post=25223"},{"taxonomy":"tribe_events_cat","embeddable":true,"href":"https:\/\/annaruiz.com.mx\/arw\/wp-json\/wp\/v2\/tribe_events_cat?post=25223"}],"curies":[{"name":"wp","href":"https:\/\/api.w.org\/{rel}","templated":true}]}}

<div>Modelado 2  (caras) Chef Karina G. en Anna Ruiz Store este miércoles  21 de Septiembre de 10 a 14 horas</div>
<div style="margin-top: 20px">
<div style="margin: 20px 10px;font-size: 15px;line-height: 22px;font-weight: 400;text-align: left">
<p><strong></strong><strong>Modelado 1 (caras) Chef Karina G. en Anna Ruiz Store</strong></p>
<p>¡Hola a todos! ¿Están listos para un evento increíble en Anna Ruiz Store? Este sábado, 19 de octubre de 2024, a las 10:00 am, tendrán la oportunidad de participar en el <strong></strong><strong>Modelado 2 (caras)</strong> impartido por la talentosa Chef Karina G.</p>
<p>En este taller, aprenderán técnicas de modelado de caras para darle un toque especial a sus creaciones culinarias. ¡Imaginen lo divertido que será aprender mientras disfrutan de un ambiente creativo y acogedor en Anna Ruiz Store!</p>
<p>No se pierdan esta oportunidad única de mejorar sus habilidades culinarias y pasar un rato agradable en compañía de otros apasionados por la cocina. ¡Los esperamos en Anna Ruiz Store para vivir esta experiencia inolvidable!</p>
<p></p>
</div>
<div style="margin: 20px 0;line-height: 22px"><img class="lazyload" decoding="async" src="data:image/gif;base64,R0lGODlhAQABAAAAACH5BAEKAAEALAAAAAABAAEAAAICTAEAOw==" data-orig-src="https://img.evbuc.com/https%3A%2F%2Fcdn.evbuc.com%2Fimages%2F856077309%2F179204274955%2F1%2Foriginal.20240921-184246?h=740&amp;w=1200&amp;auto=format%2Ccompress&amp;q=75&amp;sharp=10&amp;s=51308c6c175b5470e3106ee15f9f2a33" alt="" style="max-width: 100%;height: auto" /></div>
</div>

<p>Modelado 2 (caras) Chef Karina G. en Anna Ruiz Store este miércoles 21 de Septiembre de 10 a 14 horas Modelado 1 (caras) Chef Karina G. en Anna Ruiz Store ¡Hola a todos! ¿Están listos para un evento increíble en Anna Ruiz Store? Este sábado, 19 de octubre de 2024, a las 10:00 am, tendrán la oportunidad de participar en el Modelado 2 (caras) impartido por la talentosa Chef Karina G. En este taller, aprenderán técnicas de modelado de caras para darle un toque especial a sus creaciones culinarias. ¡Imaginen lo divertido que será aprender mientras disfrutan de un ambiente creativo <a href="https://annaruiz.com.mx/arw/event/modelado-2-caras-chef-karina-g-en-anna-ruiz-store/"> [&#8230;]</a></p>
