{"id":25464,"date":"2025-01-23T07:23:21","date_gmt":"2025-01-23T13:23:21","guid":{"rendered":"https:\/\/annaruiz.com.mx\/arw\/event\/panaderia-con-el-chef-marcos-valadez\/"},"modified":"2025-02-22T07:04:24","modified_gmt":"2025-02-22T13:04:24","slug":"panaderia-con-el-chef-marcos-valadez","status":"publish","type":"tribe_events","link":"https:\/\/annaruiz.com.mx\/arw\/event\/panaderia-con-el-chef-marcos-valadez\/","title":{"rendered":"Panader\u00eda con el  Chef Marcos Valadez"},"content":{"rendered":"<div>Ven a disfrutar de una tarde de panader\u00eda con el Chef Marcos Valadez, aprendiendo sus secretos y disfrutando de deliciosas creaciones.<\/div>\n<div style=\"margin-top: 20px\">\n<div style=\"margin: 20px 10px;font-size: 15px;line-height: 22px;font-weight: 400;text-align: left\">\n<p>\u00a1No te pierdas la <strong><\/strong><strong>Panader\u00eda con el Chef Marcos Valadez<\/strong> en la tienda de Anna Ru\u00edz! \u00a1Ser\u00e1 un evento incre\u00edble donde podr\u00e1s disfrutar de deliciosos panes y postres hechos por el talentoso Che Marcos Valadez! Ven y prueba sus creaciones \u00fanicas y aprende sus secretos de panader\u00eda. \u00a1Ser\u00e1 una tarde llena de sabor y diversi\u00f3n!<\/p>\n<p><strong><\/strong><strong>Fecha:<\/strong> Sun Feb 23 2025<\/p>\n<p><strong><\/strong><strong>Hora:<\/strong> 12:00 PM<\/p>\n<p><strong><\/strong><strong>Lugar:<\/strong> Anna Ru\u00edz Store<\/p>\n<p><\/p>\n<\/div>\n<div style=\"margin: 20px 0;line-height: 22px\"><img class=\"lazyload\" decoding=\"async\" src=\"data:image\/gif;base64,R0lGODlhAQABAAAAACH5BAEKAAEALAAAAAABAAEAAAICTAEAOw==\" data-orig-src=\"https:\/\/img.evbuc.com\/https%3A%2F%2Fcdn.evbuc.com%2Fimages%2F942523013%2F179204274955%2F1%2Foriginal.20250123-010318?h=740&amp;w=1200&amp;auto=format%2Ccompress&amp;q=75&amp;sharp=10&amp;s=6c4ecc0979472b70141a5a9eb8c90df0\" alt=\"\" style=\"max-width: 100%;height: auto\" \/><\/div>\n<\/div>\n","protected":false},"excerpt":{"rendered":"<p>Ven a disfrutar de una tarde de panader\u00eda con el Chef Marcos Valadez, aprendiendo sus secretos y disfrutando de deliciosas creaciones. \u00a1No te pierdas la Panader\u00eda con el Chef Marcos Valadez en la tienda de Anna Ru\u00edz! \u00a1Ser\u00e1 un evento incre\u00edble donde podr\u00e1s disfrutar de deliciosos panes y postres hechos por el talentoso Che Marcos Valadez! Ven y prueba sus creaciones \u00fanicas y aprende sus secretos de panader\u00eda. \u00a1Ser\u00e1 una tarde llena de sabor y diversi\u00f3n! Fecha: Sun Feb 23 2025 Hora: 12:00 PM Lugar: Anna Ru\u00edz Store<\/p>\n","protected":false},"author":1,"featured_media":25465,"template":"","meta":{"_tribe_events_status":"","_tribe_events_status_reason":"","footnotes":""},"tags":[],"tribe_events_cat":[],"class_list":["post-25464","tribe_events","type-tribe_events","status-publish","has-post-thumbnail","hentry"],"_links":{"self":[{"href":"https:\/\/annaruiz.com.mx\/arw\/wp-json\/wp\/v2\/tribe_events\/25464","targetHints":{"allow":["GET"]}}],"collection":[{"href":"https:\/\/annaruiz.com.mx\/arw\/wp-json\/wp\/v2\/tribe_events"}],"about":[{"href":"https:\/\/annaruiz.com.mx\/arw\/wp-json\/wp\/v2\/types\/tribe_events"}],"author":[{"embeddable":true,"href":"https:\/\/annaruiz.com.mx\/arw\/wp-json\/wp\/v2\/users\/1"}],"version-history":[{"count":1,"href":"https:\/\/annaruiz.com.mx\/arw\/wp-json\/wp\/v2\/tribe_events\/25464\/revisions"}],"predecessor-version":[{"id":25474,"href":"https:\/\/annaruiz.com.mx\/arw\/wp-json\/wp\/v2\/tribe_events\/25464\/revisions\/25474"}],"wp:featuredmedia":[{"embeddable":true,"href":"https:\/\/annaruiz.com.mx\/arw\/wp-json\/wp\/v2\/media\/25465"}],"wp:attachment":[{"href":"https:\/\/annaruiz.com.mx\/arw\/wp-json\/wp\/v2\/media?parent=25464"}],"wp:term":[{"taxonomy":"post_tag","embeddable":true,"href":"https:\/\/annaruiz.com.mx\/arw\/wp-json\/wp\/v2\/tags?post=25464"},{"taxonomy":"tribe_events_cat","embeddable":true,"href":"https:\/\/annaruiz.com.mx\/arw\/wp-json\/wp\/v2\/tribe_events_cat?post=25464"}],"curies":[{"name":"wp","href":"https:\/\/api.w.org\/{rel}","templated":true}]}}

Panadería con el  Chef Marcos Valadez

<div>Ven a disfrutar de una tarde de panadería con el Chef Marcos Valadez, aprendiendo sus secretos y disfrutando de deliciosas creaciones.</div>
<div style="margin-top: 20px">
<div style="margin: 20px 10px;font-size: 15px;line-height: 22px;font-weight: 400;text-align: left">
<p>¡No te pierdas la <strong></strong><strong>Panadería con el Chef Marcos Valadez</strong> en la tienda de Anna Ruíz! ¡Será un evento increíble donde podrás disfrutar de deliciosos panes y postres hechos por el talentoso Che Marcos Valadez! Ven y prueba sus creaciones únicas y aprende sus secretos de panadería. ¡Será una tarde llena de sabor y diversión!</p>
<p><strong></strong><strong>Fecha:</strong> Sun Feb 23 2025</p>
<p><strong></strong><strong>Hora:</strong> 12:00 PM</p>
<p><strong></strong><strong>Lugar:</strong> Anna Ruíz Store</p>
<p></p>
</div>
<div style="margin: 20px 0;line-height: 22px"><img class="lazyload" decoding="async" src="data:image/gif;base64,R0lGODlhAQABAAAAACH5BAEKAAEALAAAAAABAAEAAAICTAEAOw==" data-orig-src="https://img.evbuc.com/https%3A%2F%2Fcdn.evbuc.com%2Fimages%2F942523013%2F179204274955%2F1%2Foriginal.20250123-010318?h=740&amp;w=1200&amp;auto=format%2Ccompress&amp;q=75&amp;sharp=10&amp;s=6c4ecc0979472b70141a5a9eb8c90df0" alt="" style="max-width: 100%;height: auto" /></div>
</div>

<p>Ven a disfrutar de una tarde de panadería con el Chef Marcos Valadez, aprendiendo sus secretos y disfrutando de deliciosas creaciones. ¡No te pierdas la Panadería con el Chef Marcos Valadez en la tienda de Anna Ruíz! ¡Será un evento increíble donde podrás disfrutar de deliciosos panes y postres hechos por el talentoso Che Marcos Valadez! Ven y prueba sus creaciones únicas y aprende sus secretos de panadería. ¡Será una tarde llena de sabor y diversión! Fecha: Sun Feb 23 2025 Hora: 12:00 PM Lugar: Anna Ruíz Store</p>
