{"id":25518,"date":"2025-02-25T07:04:34","date_gmt":"2025-02-25T13:04:34","guid":{"rendered":"https:\/\/annaruiz.com.mx\/arw\/event\/panques-con-la-chef-liza-ojeda-en-anna-ruiz-store-5\/"},"modified":"2025-03-10T16:34:06","modified_gmt":"2025-03-10T22:34:06","slug":"panques-con-la-chef-liza-ojeda-en-anna-ruiz-store-5","status":"publish","type":"tribe_events","link":"https:\/\/annaruiz.com.mx\/arw\/event\/panques-con-la-chef-liza-ojeda-en-anna-ruiz-store-5\/","title":{"rendered":"Panques con la Chef Liza Ojeda en Anna Ru\u00edz Store"},"content":{"rendered":"<div>Ven y aprende con la Chef Liza Ojeda, el<\/div>\n<div style=\"margin-top: 20px\">\n<div style=\"margin: 20px 10px;font-size: 15px;line-height: 22px;font-weight: 400;text-align: left\">\n<p><strong><\/strong><strong>\u00a1Panques con la Chef Liza Ojeda en Anna Ru\u00edz Store!<\/strong><\/p>\n<p>\u00a1No te pierdas la oportunidad de disfrutar de una tarde deliciosa con la reconocida Chef Liza Ojeda! Acomp\u00e1\u00f1anos el <strong><\/strong><strong>lunes 10 de marzo de 2025 a las 3:00 PM<\/strong> en Anna Ru\u00edz Store para aprender a preparar los panques m\u00e1s deliciosos y sorprendentes.<\/p>\n<p>\u00a1Ven a disfrutar de una experiencia culinaria \u00fanica en un ambiente acogedor y lleno de buena vibra! Aprender\u00e1s trucos y consejos de la Chef Liza Ojeda mientras te deleitas con exquisitos panques reci\u00e9n horneados.<\/p>\n<p>\u00a1No te quedes fuera de este evento especial! \u00a1Reserva tu lugar ahora mismo y prep\u00e1rate para disfrutar de una tarde llena de sabor y diversi\u00f3n en Anna Ru\u00edz Store!<\/p>\n<p><\/p>\n<\/div>\n<div style=\"margin: 20px 0;line-height: 22px\"><img class=\"lazyload\" decoding=\"async\" src=\"data:image\/gif;base64,R0lGODlhAQABAAAAACH5BAEKAAEALAAAAAABAAEAAAICTAEAOw==\" data-orig-src=\"https:\/\/img.evbuc.com\/https%3A%2F%2Fcdn.evbuc.com%2Fimages%2F968214623%2F179204274955%2F1%2Foriginal.20250224-194931?h=740&amp;w=1200&amp;auto=format%2Ccompress&amp;q=75&amp;sharp=10&amp;s=776552e0182fbd43ea3ff3dfea574c26\" alt=\"\" style=\"max-width: 100%;height: auto\" \/><\/div>\n<\/div>\n","protected":false},"excerpt":{"rendered":"<p>Ven y aprende con la Chef Liza Ojeda, el \u00a1Panques con la Chef Liza Ojeda en Anna Ru\u00edz Store! \u00a1No te pierdas la oportunidad de disfrutar de una tarde deliciosa con la reconocida Chef Liza Ojeda! Acomp\u00e1\u00f1anos el lunes 10 de marzo de 2025 a las 3:00 PM en Anna Ru\u00edz Store para aprender a preparar los panques m\u00e1s deliciosos y sorprendentes. \u00a1Ven a disfrutar de una experiencia culinaria \u00fanica en un ambiente acogedor y lleno de buena vibra! Aprender\u00e1s trucos y consejos de la Chef Liza Ojeda mientras te deleitas con exquisitos panques reci\u00e9n horneados. \u00a1No te quedes fuera de <a href=\"https:\/\/annaruiz.com.mx\/arw\/event\/panques-con-la-chef-liza-ojeda-en-anna-ruiz-store-5\/\"> [&#8230;]<\/a><\/p>\n","protected":false},"author":1,"featured_media":25519,"template":"","meta":{"_tribe_events_status":"","_tribe_events_status_reason":"","footnotes":""},"tags":[],"tribe_events_cat":[],"class_list":["post-25518","tribe_events","type-tribe_events","status-publish","has-post-thumbnail","hentry"],"_links":{"self":[{"href":"https:\/\/annaruiz.com.mx\/arw\/wp-json\/wp\/v2\/tribe_events\/25518","targetHints":{"allow":["GET"]}}],"collection":[{"href":"https:\/\/annaruiz.com.mx\/arw\/wp-json\/wp\/v2\/tribe_events"}],"about":[{"href":"https:\/\/annaruiz.com.mx\/arw\/wp-json\/wp\/v2\/types\/tribe_events"}],"author":[{"embeddable":true,"href":"https:\/\/annaruiz.com.mx\/arw\/wp-json\/wp\/v2\/users\/1"}],"version-history":[{"count":1,"href":"https:\/\/annaruiz.com.mx\/arw\/wp-json\/wp\/v2\/tribe_events\/25518\/revisions"}],"predecessor-version":[{"id":25538,"href":"https:\/\/annaruiz.com.mx\/arw\/wp-json\/wp\/v2\/tribe_events\/25518\/revisions\/25538"}],"wp:featuredmedia":[{"embeddable":true,"href":"https:\/\/annaruiz.com.mx\/arw\/wp-json\/wp\/v2\/media\/25519"}],"wp:attachment":[{"href":"https:\/\/annaruiz.com.mx\/arw\/wp-json\/wp\/v2\/media?parent=25518"}],"wp:term":[{"taxonomy":"post_tag","embeddable":true,"href":"https:\/\/annaruiz.com.mx\/arw\/wp-json\/wp\/v2\/tags?post=25518"},{"taxonomy":"tribe_events_cat","embeddable":true,"href":"https:\/\/annaruiz.com.mx\/arw\/wp-json\/wp\/v2\/tribe_events_cat?post=25518"}],"curies":[{"name":"wp","href":"https:\/\/api.w.org\/{rel}","templated":true}]}}

Panques con la Chef Liza Ojeda en Anna Ruíz Store

<div>Ven y aprende con la Chef Liza Ojeda, el</div>
<div style="margin-top: 20px">
<div style="margin: 20px 10px;font-size: 15px;line-height: 22px;font-weight: 400;text-align: left">
<p><strong></strong><strong>¡Panques con la Chef Liza Ojeda en Anna Ruíz Store!</strong></p>
<p>¡No te pierdas la oportunidad de disfrutar de una tarde deliciosa con la reconocida Chef Liza Ojeda! Acompáñanos el <strong></strong><strong>lunes 10 de marzo de 2025 a las 3:00 PM</strong> en Anna Ruíz Store para aprender a preparar los panques más deliciosos y sorprendentes.</p>
<p>¡Ven a disfrutar de una experiencia culinaria única en un ambiente acogedor y lleno de buena vibra! Aprenderás trucos y consejos de la Chef Liza Ojeda mientras te deleitas con exquisitos panques recién horneados.</p>
<p>¡No te quedes fuera de este evento especial! ¡Reserva tu lugar ahora mismo y prepárate para disfrutar de una tarde llena de sabor y diversión en Anna Ruíz Store!</p>
<p></p>
</div>
<div style="margin: 20px 0;line-height: 22px"><img class="lazyload" decoding="async" src="data:image/gif;base64,R0lGODlhAQABAAAAACH5BAEKAAEALAAAAAABAAEAAAICTAEAOw==" data-orig-src="https://img.evbuc.com/https%3A%2F%2Fcdn.evbuc.com%2Fimages%2F968214623%2F179204274955%2F1%2Foriginal.20250224-194931?h=740&amp;w=1200&amp;auto=format%2Ccompress&amp;q=75&amp;sharp=10&amp;s=776552e0182fbd43ea3ff3dfea574c26" alt="" style="max-width: 100%;height: auto" /></div>
</div>

<p>Ven y aprende con la Chef Liza Ojeda, el ¡Panques con la Chef Liza Ojeda en Anna Ruíz Store! ¡No te pierdas la oportunidad de disfrutar de una tarde deliciosa con la reconocida Chef Liza Ojeda! Acompáñanos el lunes 10 de marzo de 2025 a las 3:00 PM en Anna Ruíz Store para aprender a preparar los panques más deliciosos y sorprendentes. ¡Ven a disfrutar de una experiencia culinaria única en un ambiente acogedor y lleno de buena vibra! Aprenderás trucos y consejos de la Chef Liza Ojeda mientras te deleitas con exquisitos panques recién horneados. ¡No te quedes fuera de <a href="https://annaruiz.com.mx/arw/event/panques-con-la-chef-liza-ojeda-en-anna-ruiz-store-5/"> [&#8230;]</a></p>
